Last updated on 2023-09-28 05:57:02 CEST.
Flavor | Version | Tinstall | Tcheck | Ttotal | Status | Flags |
---|---|---|---|---|---|---|
r-devel-linux-x86_64-debian-clang | 1.0 | 13.78 | 50.16 | 63.94 | OK | |
r-devel-linux-x86_64-debian-gcc | 1.0 | 10.94 | 38.49 | 49.43 | OK | |
r-devel-linux-x86_64-fedora-clang | 1.0 | 84.15 | NOTE | |||
r-devel-linux-x86_64-fedora-gcc | 1.0 | 86.38 | NOTE | |||
r-devel-windows-x86_64 | 1.0 | 15.00 | 78.00 | 93.00 | OK | |
r-patched-linux-x86_64 | 1.0 | 16.44 | 48.87 | 65.31 | OK | |
r-release-linux-x86_64 | 1.0 | 14.21 | 49.39 | 63.60 | OK | |
r-release-macos-arm64 | 1.0 | 28.00 | OK | |||
r-release-macos-x86_64 | 1.0 | 44.00 | OK | |||
r-release-windows-x86_64 | 1.0 | 14.00 | 91.00 | 105.00 | OK | |
r-oldrel-macos-arm64 | 1.0 | 27.00 | OK | |||
r-oldrel-macos-x86_64 | 1.0 | 37.00 | OK | |||
r-oldrel-windows-x86_64 | 1.0 | 21.00 | 88.00 | 109.00 | OK |
Version: 1.0
Check: compiled code
Result: NOTE
File ‘steadyICA/libs/steadyICA.so’:
Found no calls to: ‘R_registerRoutines’, ‘R_useDynamicSymbols’
It is good practice to register native routines and to disable symbol
search.
See ‘Writing portable packages’ in the ‘Writing R Extensions’ manual.
Flavors: r-devel-linux-x86_64-fedora-clang, r-devel-linux-x86_64-fedora-gcc