CRAN Package Check Results for Package statsr

Last updated on 2024-06-13 16:49:27 CEST.

Flavor Version Tinstall Tcheck Ttotal Status Flags
r-devel-linux-x86_64-debian-clang 0.3.0 20.44 150.20 170.64 OK
r-devel-linux-x86_64-debian-gcc 0.3.0 0.49 1.62 2.11 ERROR
r-devel-linux-x86_64-fedora-clang 0.3.0 219.23 OK
r-devel-linux-x86_64-fedora-gcc 0.3.0 223.76 OK
r-devel-windows-x86_64 0.3.0 17.00 118.00 135.00 OK
r-patched-linux-x86_64 0.3.0 15.13 146.62 161.75 OK
r-release-linux-x86_64 0.3.0 12.94 145.66 158.60 OK
r-release-macos-arm64 0.3.0 66.00 OK
r-release-macos-x86_64 0.3.0 99.00 OK
r-release-windows-x86_64 0.3.0 17.00 117.00 134.00 OK
r-oldrel-macos-arm64 0.3.0 73.00 OK
r-oldrel-macos-x86_64 0.3.0 112.00 OK
r-oldrel-windows-x86_64 0.3.0 24.00 150.00 174.00 OK

Check Details

Version: 0.3.0
Check: package dependencies
Result: ERROR Packages required but not available: 'BayesFactor', 'dplyr', 'ggplot2', 'broom', 'tidyr', 'tibble' Package suggested but not available for checking: ‘testthat’ See section ‘The DESCRIPTION file’ in the ‘Writing R Extensions’ manual. Flavor: r-devel-linux-x86_64-debian-gcc