CRAN Package Check Results for Package statquotes

Last updated on 2020-08-06 15:49:48 CEST.

Flavor Version Tinstall Tcheck Ttotal Status Flags
r-devel-linux-x86_64-debian-clang 0.2.2 8.38 70.55 78.93 OK
r-devel-linux-x86_64-debian-gcc 0.2.2 7.51 53.69 61.20 OK
r-devel-linux-x86_64-fedora-clang 0.2.2 102.35 NOTE
r-devel-linux-x86_64-fedora-gcc 0.2.2 91.44 OK
r-devel-windows-ix86+x86_64 0.2.2 28.00 84.00 112.00 OK
r-patched-linux-x86_64 0.2.2 8.84 69.00 77.84 OK
r-patched-solaris-x86 0.2.2 144.80 OK
r-release-linux-x86_64 0.2.2 7.79 67.25 75.04 OK
r-release-macos-x86_64 0.2.2 OK
r-release-windows-ix86+x86_64 0.2.2 28.00 107.00 135.00 OK
r-oldrel-macos-x86_64 0.2.2 OK
r-oldrel-windows-ix86+x86_64 0.2.2 16.00 94.00 110.00 OK

Check Details

Version: 0.2.2
Check: Rd cross-references
Result: NOTE
    Undeclared package ‘fortunes’ in Rd xrefs
Flavor: r-devel-linux-x86_64-fedora-clang