CRAN Package Check Results for Package statnet.common

Last updated on 2024-03-05 04:57:52 CET.

Flavor Version Tinstall Tcheck Ttotal Status Flags
r-devel-linux-x86_64-debian-clang 4.9.0 4.58 43.91 48.49 NOTE
r-devel-linux-x86_64-debian-gcc 4.9.0 3.97 33.84 37.81 NOTE
r-devel-linux-x86_64-fedora-clang 4.9.0 60.81 NOTE
r-devel-linux-x86_64-fedora-gcc 4.9.0 59.70 NOTE
r-devel-windows-x86_64 4.9.0 8.00 69.00 77.00 NOTE
r-patched-linux-x86_64 4.9.0 7.07 42.98 50.05 NOTE
r-release-linux-x86_64 4.9.0 5.44 42.83 48.27 NOTE
r-release-macos-arm64 4.9.0 26.00 NOTE
r-release-macos-x86_64 4.9.0 59.00 NOTE
r-release-windows-x86_64 4.9.0 7.00 73.00 80.00 NOTE
r-oldrel-macos-arm64 4.9.0 30.00 NOTE
r-oldrel-windows-x86_64 4.9.0 9.00 70.00 79.00 NOTE

Check Details

Version: 4.9.0
Check: R code for possible problems
Result: NOTE Found the following possibly unsafe calls: File ‘statnet.common/R/control.utilities.R’: unlockBinding("snctrl", environment(snctrl)) unlockBinding("snctrl", environment(update_my_snctrl)) Flavors: r-devel-linux-x86_64-debian-clang, r-devel-linux-x86_64-debian-gcc, r-devel-linux-x86_64-fedora-clang, r-devel-linux-x86_64-fedora-gcc, r-devel-windows-x86_64, r-patched-linux-x86_64, r-release-linux-x86_64, r-release-macos-arm64, r-release-macos-x86_64, r-release-windows-x86_64, r-oldrel-macos-arm64, r-oldrel-windows-x86_64