CRAN Package Check Results for Package statip

Last updated on 2020-08-13 15:51:23 CEST.

Flavor Version Tinstall Tcheck Ttotal Status Flags
r-devel-linux-x86_64-debian-clang 0.2.3 3.36 27.44 30.80 OK
r-devel-linux-x86_64-debian-gcc 0.2.3 2.68 21.10 23.78 OK
r-devel-linux-x86_64-fedora-clang 0.2.3 45.96 NOTE
r-devel-linux-x86_64-fedora-gcc 0.2.3 35.51 OK
r-devel-windows-ix86+x86_64 0.2.3 15.00 73.00 88.00 OK
r-patched-linux-x86_64 0.2.3 3.54 27.41 30.95 OK
r-patched-solaris-x86 0.2.3 55.20 OK
r-release-linux-x86_64 0.2.3 3.64 27.78 31.42 OK
r-release-macos-x86_64 0.2.3 OK
r-release-windows-ix86+x86_64 0.2.3 13.00 50.00 63.00 OK
r-oldrel-macos-x86_64 0.2.3 OK
r-oldrel-windows-ix86+x86_64 0.2.3 12.00 54.00 66.00 OK

Check Details

Version: 0.2.3
Check: Rd cross-references
Result: NOTE
    Undeclared package ‘distrEx’ in Rd xrefs
Flavor: r-devel-linux-x86_64-fedora-clang