Last updated on 2023-12-04 16:53:43 CET.
Flavor | Version | Tinstall | Tcheck | Ttotal | Status | Flags |
---|---|---|---|---|---|---|
r-devel-linux-x86_64-debian-clang | 1.0.1 | 101.29 | 271.87 | 373.16 | NOTE | |
r-devel-linux-x86_64-debian-gcc | 1.0.1 | 69.77 | 187.84 | 257.61 | NOTE | |
r-devel-linux-x86_64-fedora-clang | 1.0.1 | 462.55 | NOTE | |||
r-devel-linux-x86_64-fedora-gcc | 1.0.1 | 456.45 | NOTE | |||
r-devel-windows-x86_64 | 1.0.1 | 72.00 | 230.00 | 302.00 | NOTE | |
r-patched-linux-x86_64 | 1.0.1 | 72.19 | 240.86 | 313.05 | OK | |
r-release-linux-x86_64 | 1.0.1 | 57.27 | 246.05 | 303.32 | OK | |
r-release-macos-arm64 | 1.0.1 | 185.00 | NOTE | |||
r-release-macos-x86_64 | 1.0.1 | 244.00 | NOTE | |||
r-release-windows-x86_64 | 1.0.1 | 96.00 | 271.00 | 367.00 | OK | |
r-oldrel-macos-arm64 | 1.0.1 | 161.00 | NOTE | |||
r-oldrel-macos-x86_64 | 1.0.1 | 187.00 | NOTE | |||
r-oldrel-windows-x86_64 | 1.0.1 | 89.00 | 257.00 | 346.00 | OK |
Version: 1.0.1
Check: Rd \usage sections
Result: NOTE
Documented arguments not in \usage in Rd file 'estEffsCPP.Rd':
‘y’ ‘w’ ‘x’ ‘ncores’
Documented arguments not in \usage in Rd file 'updateFA.Rd':
‘Y’ ‘WStart’ ‘m’ ‘PStart’
Functions with \usage entries need to have the appropriate \alias
entries, and all their arguments documented.
The \usage entries must correspond to syntactically valid R code.
See chapter ‘Writing R documentation files’ in the ‘Writing R
Extensions’ manual.
Flavors: r-devel-linux-x86_64-debian-clang, r-devel-linux-x86_64-debian-gcc, r-devel-linux-x86_64-fedora-clang, r-devel-linux-x86_64-fedora-gcc, r-devel-windows-x86_64
Version: 1.0.1
Check: installed package size
Result: NOTE
installed size is 7.8Mb
sub-directories of 1Mb or more:
libs 6.8Mb
Flavors: r-release-macos-arm64, r-release-macos-x86_64, r-oldrel-macos-arm64, r-oldrel-macos-x86_64