CRAN Package Check Results for Package statgenMPP

Last updated on 2024-06-13 16:49:27 CEST.

Flavor Version Tinstall Tcheck Ttotal Status Flags
r-devel-linux-x86_64-debian-clang 1.0.2 6.23 226.13 232.36 NOTE
r-devel-linux-x86_64-debian-gcc 1.0.2 0.57 1.87 2.44 ERROR
r-devel-linux-x86_64-fedora-clang 1.0.2 281.35 NOTE
r-devel-linux-x86_64-fedora-gcc 1.0.2 283.87 NOTE
r-devel-windows-x86_64 1.0.2 6.00 178.00 184.00 NOTE
r-patched-linux-x86_64 1.0.2 5.46 217.95 223.41 NOTE
r-release-linux-x86_64 1.0.2 4.09 217.37 221.46 NOTE
r-release-macos-arm64 1.0.2 84.00 NOTE
r-release-macos-x86_64 1.0.2 150.00 NOTE
r-release-windows-x86_64 1.0.2 7.00 186.00 193.00 NOTE
r-oldrel-macos-arm64 1.0.2 94.00 OK
r-oldrel-macos-x86_64 1.0.2 150.00 OK
r-oldrel-windows-x86_64 1.0.2 9.00 219.00 228.00 OK

Check Details

Version: 1.0.2
Check: Rd files
Result: NOTE checkRd: (-1) plot.QTLMPP.Rd:33-34: Lost braces in \itemize; meant \describe ? checkRd: (-1) plot.QTLMPP.Rd:35: Lost braces in \itemize; meant \describe ? checkRd: (-1) plot.QTLMPP.Rd:36: Lost braces in \itemize; meant \describe ? checkRd: (-1) plot.QTLMPP.Rd:37-38: Lost braces in \itemize; meant \describe ? checkRd: (-1) plot.gDataMPP.Rd:40: Lost braces in \itemize; meant \describe ? checkRd: (-1) plot.gDataMPP.Rd:41-42: Lost braces in \itemize; meant \describe ? checkRd: (-1) plot.gDataMPP.Rd:43-44: Lost braces in \itemize; meant \describe ? checkRd: (-1) plot.gDataMPP.Rd:45-46: Lost braces in \itemize; meant \describe ? Flavors: r-devel-linux-x86_64-debian-clang, r-devel-linux-x86_64-fedora-clang, r-devel-linux-x86_64-fedora-gcc, r-devel-windows-x86_64, r-patched-linux-x86_64, r-release-linux-x86_64, r-release-macos-arm64, r-release-macos-x86_64, r-release-windows-x86_64

Version: 1.0.2
Check: package dependencies
Result: ERROR Packages required but not available: 'statgenGWAS', 'ggplot2', 'LMMsolver', 'statgenIBD' See section ‘The DESCRIPTION file’ in the ‘Writing R Extensions’ manual. Flavor: r-devel-linux-x86_64-debian-gcc