Last updated on 2023-11-30 16:49:39 CET.
Flavor | Version | Tinstall | Tcheck | Ttotal | Status | Flags |
---|---|---|---|---|---|---|
r-devel-linux-x86_64-debian-clang | 1.0.6 | 110.90 | 101.01 | 211.91 | NOTE | |
r-devel-linux-x86_64-debian-gcc | 1.0.6 | 77.62 | 74.93 | 152.55 | NOTE | |
r-devel-linux-x86_64-fedora-clang | 1.0.6 | 301.31 | OK | |||
r-devel-linux-x86_64-fedora-gcc | 1.0.6 | 297.23 | OK | |||
r-devel-windows-x86_64 | 1.0.6 | 85.00 | 132.00 | 217.00 | OK | |
r-patched-linux-x86_64 | 1.0.6 | 96.44 | 94.46 | 190.90 | OK | |
r-release-linux-x86_64 | 1.0.6 | 83.30 | 93.59 | 176.89 | OK | |
r-release-macos-arm64 | 1.0.6 | 78.00 | NOTE | |||
r-release-macos-x86_64 | 1.0.6 | 146.00 | NOTE | |||
r-release-windows-x86_64 | 1.0.6 | 113.00 | 151.00 | 264.00 | OK | |
r-oldrel-macos-arm64 | 1.0.6 | 77.00 | NOTE | |||
r-oldrel-macos-x86_64 | 1.0.6 | 117.00 | NOTE | |||
r-oldrel-windows-x86_64 | 1.0.6 | 103.00 | 155.00 | 258.00 | OK |
Version: 1.0.6
Check: Rd files
Result: NOTE
checkRd: (-1) plot.IBDprob.Rd:45-46: Lost braces in \itemize; meant \describe ?
checkRd: (-1) plot.IBDprob.Rd:47-48: Lost braces in \itemize; meant \describe ?
checkRd: (-1) plot.IBDprob.Rd:49-50: Lost braces in \itemize; meant \describe ?
checkRd: (-1) plot.IBDprob.Rd:51-52: Lost braces in \itemize; meant \describe ?
checkRd: (-1) plot.IBDprob.Rd:53-54: Lost braces in \itemize; meant \describe ?
Flavors: r-devel-linux-x86_64-debian-clang, r-devel-linux-x86_64-debian-gcc
Version: 1.0.6
Check: installed package size
Result: NOTE
installed size is 7.3Mb
sub-directories of 1Mb or more:
extdata 2.4Mb
libs 4.2Mb
Flavors: r-release-macos-arm64, r-release-macos-x86_64, r-oldrel-macos-arm64, r-oldrel-macos-x86_64