Last updated on 2023-11-30 16:49:39 CET.
Flavor | Version | Tinstall | Tcheck | Ttotal | Status | Flags |
---|---|---|---|---|---|---|
r-devel-linux-x86_64-debian-clang | 1.0.9 | 107.54 | 229.79 | 337.33 | NOTE | |
r-devel-linux-x86_64-debian-gcc | 1.0.9 | 83.43 | 175.14 | 258.57 | NOTE | |
r-devel-linux-x86_64-fedora-clang | 1.0.9 | 433.05 | NOTE | |||
r-devel-linux-x86_64-fedora-gcc | 1.0.9 | 464.04 | NOTE | |||
r-devel-windows-x86_64 | 1.0.9 | 86.00 | 207.00 | 293.00 | NOTE | |
r-patched-linux-x86_64 | 1.0.9 | 92.14 | 232.31 | 324.45 | NOTE | |
r-release-linux-x86_64 | 1.0.9 | 92.49 | 233.46 | 325.95 | NOTE | |
r-release-macos-arm64 | 1.0.9 | 139.00 | NOTE | |||
r-release-macos-x86_64 | 1.0.9 | 247.00 | NOTE | |||
r-release-windows-x86_64 | 1.0.9 | 112.00 | 250.00 | 362.00 | NOTE | |
r-oldrel-macos-arm64 | 1.0.9 | 227.00 | NOTE | |||
r-oldrel-macos-x86_64 | 1.0.9 | 410.00 | NOTE | |||
r-oldrel-windows-x86_64 | 1.0.9 | 110.00 | 254.00 | 364.00 | NOTE |
Version: 1.0.9
Check: C++ specification
Result: NOTE
Specified C++11: please drop specification unless essential
Flavors: r-devel-linux-x86_64-debian-clang, r-devel-linux-x86_64-debian-gcc, r-devel-linux-x86_64-fedora-clang, r-devel-linux-x86_64-fedora-gcc, r-devel-windows-x86_64, r-patched-linux-x86_64, r-release-linux-x86_64, r-release-macos-arm64, r-release-macos-x86_64, r-release-windows-x86_64
Version: 1.0.9
Check: installed package size
Result: NOTE
installed size is 5.1Mb
sub-directories of 1Mb or more:
data 2.7Mb
libs 1.4Mb
Flavors: r-devel-windows-x86_64, r-release-macos-arm64, r-release-macos-x86_64, r-release-windows-x86_64, r-oldrel-macos-arm64, r-oldrel-macos-x86_64, r-oldrel-windows-x86_64
Version: 1.0.9
Check: package dependencies
Result: NOTE
Package suggested but not available for checking: ‘snpStats’
Flavor: r-release-macos-arm64
Version: 1.0.9
Check: Rd cross-references
Result: NOTE
Package unavailable to check Rd xrefs: ‘snpStats’
Flavor: r-release-macos-arm64