CRAN Package Check Results for Package statVisual

Last updated on 2020-07-12 15:49:15 CEST.

Flavor Version Tinstall Tcheck Ttotal Status Flags
r-devel-linux-x86_64-debian-clang 1.2.1 19.86 201.04 220.90 OK
r-devel-linux-x86_64-debian-gcc 1.2.1 16.01 147.45 163.46 OK
r-devel-linux-x86_64-fedora-clang 1.2.1 263.17 NOTE
r-devel-linux-x86_64-fedora-gcc 1.2.1 251.78 NOTE
r-devel-windows-ix86+x86_64 1.2.1 44.00 293.00 337.00 OK
r-patched-linux-x86_64 1.2.1 12.08 189.65 201.73 OK
r-patched-solaris-x86 1.2.1 343.70 NOTE
r-release-linux-x86_64 1.2.1 17.47 192.35 209.82 OK
r-release-windows-ix86+x86_64 1.2.1 65.00 295.00 360.00 OK
r-oldrel-macos-x86_64 1.2.1 NOTE
r-oldrel-windows-ix86+x86_64 1.2.1 37.00 211.00 248.00 OK

Check Details

Version: 1.2.1
Check: package dependencies
Result: NOTE
    Imports includes 23 non-default packages.
    Importing from so many packages makes the package vulnerable to any of
    them becoming unavailable. Move as many as possible to Suggests and
    use conditionally.
Flavor: r-devel-linux-x86_64-fedora-clang

Version: 1.2.1
Check: dependencies in R code
Result: NOTE
    Namespaces in Imports field not imported from:
     ‘gbm’ ‘ggfortify’ ‘tibble’ ‘tidyverse’
     All declared Imports should be used.
Flavors: r-devel-linux-x86_64-fedora-clang, r-devel-linux-x86_64-fedora-gcc, r-patched-solaris-x86, r-oldrel-macos-x86_64