Last updated on 2023-12-02 16:49:30 CET.
Flavor | Version | Tinstall | Tcheck | Ttotal | Status | Flags |
---|---|---|---|---|---|---|
r-devel-linux-x86_64-debian-clang | 0.1.2 | 1.74 | 38.94 | 40.68 | OK | |
r-devel-linux-x86_64-debian-gcc | 0.1.2 | 1.22 | 28.77 | 29.99 | OK | |
r-devel-linux-x86_64-fedora-clang | 0.1.2 | 53.00 | NOTE | |||
r-devel-linux-x86_64-fedora-gcc | 0.1.2 | 64.07 | NOTE | |||
r-devel-windows-x86_64 | 0.1.2 | 3.00 | 53.00 | 56.00 | OK | |
r-patched-linux-x86_64 | 0.1.2 | 2.33 | 37.38 | 39.71 | OK | |
r-release-linux-x86_64 | 0.1.2 | 2.15 | 37.82 | 39.97 | OK | |
r-release-macos-arm64 | 0.1.2 | 28.00 | OK | |||
r-release-macos-x86_64 | 0.1.2 | 37.00 | OK | |||
r-release-windows-x86_64 | 0.1.2 | 4.00 | 57.00 | 61.00 | OK | |
r-oldrel-macos-arm64 | 0.1.2 | 25.00 | NOTE | |||
r-oldrel-macos-x86_64 | 0.1.2 | 33.00 | NOTE | |||
r-oldrel-windows-x86_64 | 0.1.2 | 4.00 | 61.00 | 65.00 | OK |
Version: 0.1.2
Check: data for non-ASCII characters
Result: NOTE
Note: found 14 marked UTF-8 strings
Flavors: r-devel-linux-x86_64-fedora-clang, r-devel-linux-x86_64-fedora-gcc, r-oldrel-macos-arm64, r-oldrel-macos-x86_64