CRAN Package Check Results for Package starvars

Last updated on 2020-08-07 15:48:58 CEST.

Flavor Version Tinstall Tcheck Ttotal Status Flags
r-devel-linux-x86_64-debian-clang 0.1.7 4.54 41.02 45.56 OK
r-devel-linux-x86_64-debian-gcc 0.1.7 3.27 30.63 33.90 OK
r-devel-linux-x86_64-fedora-clang 0.1.7 61.68 NOTE
r-devel-linux-x86_64-fedora-gcc 0.1.7 51.85 NOTE
r-devel-windows-ix86+x86_64 0.1.7 19.00 66.00 85.00 OK
r-patched-linux-x86_64 0.1.7 4.43 40.05 44.48 OK
r-patched-solaris-x86 0.1.7 73.70 NOTE
r-release-linux-x86_64 0.1.7 3.98 40.08 44.06 OK
r-release-macos-x86_64 0.1.7 NOTE
r-release-windows-ix86+x86_64 0.1.7 19.00 47.00 66.00 OK
r-oldrel-macos-x86_64 0.1.7 NOTE
r-oldrel-windows-ix86+x86_64 0.1.7 8.00 55.00 63.00 OK

Check Details

Version: 0.1.7
Check: dependencies in R code
Result: NOTE
    Namespaces in Imports field not imported from:
     ‘R.utils’ ‘maxLik’ ‘nloptr’ ‘stats4’ ‘vars’
     All declared Imports should be used.
Flavors: r-devel-linux-x86_64-fedora-clang, r-devel-linux-x86_64-fedora-gcc, r-patched-solaris-x86, r-release-macos-x86_64, r-oldrel-macos-x86_64