CRAN Package Check Results for Package stars

Last updated on 2020-08-06 04:48:22 CEST.

Flavor Version Tinstall Tcheck Ttotal Status Flags
r-devel-linux-x86_64-debian-clang 0.4-3 11.93 297.59 309.52 NOTE
r-devel-linux-x86_64-debian-gcc 0.4-3 10.72 223.63 234.35 NOTE
r-devel-linux-x86_64-fedora-clang 0.4-3 381.20 NOTE
r-devel-linux-x86_64-fedora-gcc 0.4-3 374.57 NOTE
r-devel-windows-ix86+x86_64 0.4-3 36.00 417.00 453.00 NOTE
r-patched-linux-x86_64 0.4-3 10.71 291.16 301.87 NOTE
r-patched-solaris-x86 0.4-3 470.20 NOTE
r-release-linux-x86_64 0.4-3 11.93 291.51 303.44 NOTE
r-release-macos-x86_64 0.4-3 NOTE
r-release-windows-ix86+x86_64 0.4-3 38.00 315.00 353.00 NOTE
r-oldrel-macos-x86_64 0.4-3 NOTE
r-oldrel-windows-ix86+x86_64 0.4-3 24.00 289.00 313.00 NOTE

Check Details

Version: 0.4-3
Check: package dependencies
Result: NOTE
    Package suggested but not available for checking: 'starsdata'
Flavors: r-devel-linux-x86_64-debian-clang, r-devel-linux-x86_64-debian-gcc, r-devel-linux-x86_64-fedora-clang, r-devel-linux-x86_64-fedora-gcc, r-devel-windows-ix86+x86_64, r-patched-linux-x86_64, r-patched-solaris-x86, r-release-linux-x86_64, r-release-macos-x86_64, r-release-windows-ix86+x86_64, r-oldrel-macos-x86_64, r-oldrel-windows-ix86+x86_64

Version: 0.4-3
Check: installed package size
Result: NOTE
     installed size is 8.2Mb
     sub-directories of 1Mb or more:
     doc 1.9Mb
     nc 4.5Mb
Flavors: r-devel-linux-x86_64-fedora-clang, r-devel-windows-ix86+x86_64, r-patched-solaris-x86, r-release-macos-x86_64, r-release-windows-ix86+x86_64, r-oldrel-macos-x86_64, r-oldrel-windows-ix86+x86_64