CRAN Package Check Results for Package starma

Last updated on 2020-08-06 15:49:48 CEST.

Flavor Version Tinstall Tcheck Ttotal Status Flags
r-devel-linux-x86_64-debian-clang 1.3 52.82 59.37 112.19 OK
r-devel-linux-x86_64-debian-gcc 1.3 41.79 44.63 86.42 OK
r-devel-linux-x86_64-fedora-clang 1.3 154.39 NOTE
r-devel-linux-x86_64-fedora-gcc 1.3 139.31 NOTE
r-devel-windows-ix86+x86_64 1.3 144.00 123.00 267.00 OK
r-patched-linux-x86_64 1.3 40.79 56.08 96.87 OK
r-patched-solaris-x86 1.3 147.10 OK
r-release-linux-x86_64 1.3 45.12 56.03 101.15 OK
r-release-macos-x86_64 1.3 OK
r-release-windows-ix86+x86_64 1.3 144.00 152.00 296.00 OK
r-oldrel-macos-x86_64 1.3 OK
r-oldrel-windows-ix86+x86_64 1.3 93.00 115.00 208.00 OK

Check Details

Version: 1.3
Check: compiled code
Result: NOTE
    File ‘starma/libs/starma.so’:
     Found no calls to: ‘R_registerRoutines’, ‘R_useDynamicSymbols’
    
    It is good practice to register native routines and to disable symbol
    search.
    
    See ‘Writing portable packages’ in the ‘Writing R Extensions’ manual.
Flavors: r-devel-linux-x86_64-fedora-clang, r-devel-linux-x86_64-fedora-gcc