Last updated on 2023-11-28 16:48:35 CET.
Flavor | Version | Tinstall | Tcheck | Ttotal | Status | Flags |
---|---|---|---|---|---|---|
r-devel-linux-x86_64-debian-clang | 0.0-6 | 172.66 | 104.88 | 277.54 | WARN | |
r-devel-linux-x86_64-debian-gcc | 0.0-6 | 150.76 | 80.62 | 231.38 | WARN | |
r-devel-linux-x86_64-fedora-clang | 0.0-6 | 356.56 | WARN | |||
r-devel-linux-x86_64-fedora-gcc | 0.0-6 | 415.71 | WARN | |||
r-devel-windows-x86_64 | 0.0-6 | 150.00 | 121.00 | 271.00 | WARN | |
r-patched-linux-x86_64 | 0.0-6 | 173.86 | 103.77 | 277.63 | OK | |
r-release-linux-x86_64 | 0.0-6 | 163.30 | 102.61 | 265.91 | OK | |
r-release-macos-arm64 | 0.0-6 | 123.00 | NOTE | |||
r-release-macos-x86_64 | 0.0-6 | 207.00 | NOTE | |||
r-release-windows-x86_64 | 0.0-6 | 197.00 | 152.00 | 349.00 | OK | |
r-oldrel-macos-arm64 | 0.0-6 | 110.00 | NOTE | |||
r-oldrel-macos-x86_64 | 0.0-6 | 152.00 | NOTE | |||
r-oldrel-windows-x86_64 | 0.0-6 | 183.00 | 151.00 | 334.00 | OK |
Version: 0.0-6
Check: whether package can be installed
Result: WARN
Found the following significant warnings:
include/rstan/io/r_ostream.hpp:49:20: warning: field precision should have type 'int', but argument has type 'std::streamsize' (aka 'long') [-Wformat]
include/rstan/io/r_ostream.hpp:72:21: warning: field precision should have type 'int', but argument has type 'std::streamsize' (aka 'long') [-Wformat]
stan_sampler.cpp:359:96: warning: format specifies type 'unsigned long' but the argument has type 'int' [-Wformat]
See ‘/home/hornik/tmp/R.check/r-devel-clang/Work/PKGS/stan4bart.Rcheck/00install.out’ for details.
* used C compiler: ‘Debian clang version 17.0.5 (1)’
* used C++ compiler: ‘Debian clang version 17.0.5 (1)’
Flavor: r-devel-linux-x86_64-debian-clang
Version: 0.0-6
Check: whether package can be installed
Result: WARN
Found the following significant warnings:
include/rstan/io/r_ostream.hpp:49:20: warning: field precision specifier ‘.*’ expects argument of type ‘int’, but argument 2 has type ‘std::streamsize’ {aka ‘long int’} [-Wformat=]
include/rstan/io/r_ostream.hpp:72:21: warning: field precision specifier ‘.*’ expects argument of type ‘int’, but argument 2 has type ‘std::streamsize’ {aka ‘long int’} [-Wformat=]
include/rstan/io/r_ostream.hpp:49: warning: field precision specifier ‘.*’ expects argument of type ‘int’, but argument 2 has type ‘std::streamsize’ {aka ‘long int’} [-Wformat=]
include/rstan/io/r_ostream.hpp:72: warning: field precision specifier ‘.*’ expects argument of type ‘int’, but argument 2 has type ‘std::streamsize’ {aka ‘long int’} [-Wformat=]
stan_sampler.cpp:359: warning: format ‘%lu’ expects argument of type ‘long unsigned int’, but argument 3 has type ‘int’ [-Wformat=]
See ‘/home/hornik/tmp/R.check/r-devel-gcc/Work/PKGS/stan4bart.Rcheck/00install.out’ for details.
* used C compiler: ‘gcc-13 (Debian 13.2.0-5) 13.2.0’
* used C++ compiler: ‘g++-13 (Debian 13.2.0-5) 13.2.0’
Flavor: r-devel-linux-x86_64-debian-gcc
Version: 0.0-6
Check: whether package can be installed
Result: WARN
Found the following significant warnings:
include/rstan/io/r_ostream.hpp:49:20: warning: field precision should have type 'int', but argument has type 'std::streamsize' (aka 'long') [-Wformat]
include/rstan/io/r_ostream.hpp:72:21: warning: field precision should have type 'int', but argument has type 'std::streamsize' (aka 'long') [-Wformat]
stan_sampler.cpp:359:96: warning: format specifies type 'unsigned long' but the argument has type 'int' [-Wformat]
See ‘/data/gannet/ripley/R/packages/tests-clang/stan4bart.Rcheck/00install.out’ for details.
* used C compiler: ‘clang version 17.0.5’
* used C++ compiler: ‘clang version 17.0.5’
Flavor: r-devel-linux-x86_64-fedora-clang
Version: 0.0-6
Check: whether package can be installed
Result: WARN
Found the following significant warnings:
include/rstan/io/r_ostream.hpp:49:20: warning: field precision specifier '.*' expects argument of type 'int', but argument 2 has type 'std::streamsize' {aka 'long int'} [-Wformat=]
include/rstan/io/r_ostream.hpp:72:21: warning: field precision specifier '.*' expects argument of type 'int', but argument 2 has type 'std::streamsize' {aka 'long int'} [-Wformat=]
include/rstan/io/r_ostream.hpp:49: warning: field precision specifier '.*' expects argument of type 'int', but argument 2 has type 'std::streamsize' {aka 'long int'} [-Wformat=]
include/rstan/io/r_ostream.hpp:72: warning: field precision specifier '.*' expects argument of type 'int', but argument 2 has type 'std::streamsize' {aka 'long int'} [-Wformat=]
stan_sampler.cpp:359: warning: format '%lu' expects argument of type 'long unsigned int', but argument 3 has type 'int' [-Wformat=]
See ‘/data/gannet/ripley/R/packages/tests-devel/stan4bart.Rcheck/00install.out’ for details.
* used C compiler: ‘gcc-13 (GCC) 13.2.0’
* used C++ compiler: ‘g++-13 (GCC) 13.2.0’
Flavor: r-devel-linux-x86_64-fedora-gcc
Version: 0.0-6
Check: whether package can be installed
Result: WARN
Found the following significant warnings:
include/rstan/io/r_ostream.hpp:49:20: warning: field precision specifier '.*' expects argument of type 'int', but argument 2 has type 'std::streamsize' {aka 'long long int'} [-Wformat=]
include/rstan/io/r_ostream.hpp:72:21: warning: field precision specifier '.*' expects argument of type 'int', but argument 2 has type 'std::streamsize' {aka 'long long int'} [-Wformat=]
init.cpp:464:19: warning: format '%lu' expects argument of type 'long unsigned int', but argument 2 has type 'size_t' {aka 'long long unsigned int'} [-Wformat=]
init.cpp:464:49: warning: format '%lu' expects argument of type 'long unsigned int', but argument 3 has type 'size_t' {aka 'long long unsigned int'} [-Wformat=]
init.cpp:466:19: warning: format '%lu' expects argument of type 'long unsigned int', but argument 2 has type 'size_t' {aka 'long long unsigned int'} [-Wformat=]
init.cpp:466:50: warning: format '%lu' expects argument of type 'long unsigned int', but argument 3 has type 'size_t' {aka 'long long unsigned int'} [-Wformat=]
init.cpp:468:19: warning: format '%lu' expects argument of type 'long unsigned int', but argument 2 has type 'size_t' {aka 'long long unsigned int'} [-Wformat=]
init.cpp:468:48: warning: format '%lu' expects argument of type 'long unsigned int', but argument 3 has type 'size_t' {aka 'long long unsigned int'} [-Wformat=]
init.cpp:531:19: warning: format '%lu' expects argument of type 'long unsigned int', but argument 2 has type 'size_t' {aka 'long long unsigned int'} [-Wformat=]
init.cpp:531:49: warning: format '%lu' expects argument of type 'long unsigned int', but argument 3 has type 'size_t' {aka 'long long unsigned int'} [-Wformat=]
init.cpp:533:19: warning: format '%lu' expects argument of type 'long unsigned int', but argument 2 has type 'size_t' {aka 'long long unsigned int'} [-Wformat=]
init.cpp:533:50: warning: format '%lu' expects argument of type 'long unsigned int', but argument 3 has type 'size_t' {aka 'long long unsigned int'} [-Wformat=]
init.cpp:535:19: warning: format '%lu' expects argument of type 'long unsigned int', but argument 2 has type 'size_t' {aka 'long long unsigned int'} [-Wformat=]
init.cpp:535:48: warning: format '%lu' expects argument of type 'long unsigned int', but argument 3 has type 'size_t' {aka 'long long unsigned int'} [-Wformat=]
rc_bounds.c:806:52: warning: unknown conversion type character 'z' in format [-Wformat=]
rc_bounds.c:806:16: warning: too many arguments for format [-Wformat-extra-args]
rc_bounds.c:809:79: warning: unknown conversion type character 'z' in format [-Wformat=]
rc_bounds.c:809:31: warning: too many arguments for format [-Wformat-extra-args]
rc_bounds.c:826:73: warning: unknown conversion type character 'z' in format [-Wformat=]
rc_bounds.c:826:37: warning: too many arguments for format [-Wformat-extra-args]
rc_bounds.c:829:84: warning: unknown conversion type character 'z' in format [-Wformat=]
rc_bounds.c:829:36: warning: too many arguments for format [-Wformat-extra-args]
rc_bounds.c:832:70: warning: unknown conversion type character 'z' in format [-Wformat=]
rc_bounds.c:832:37: warning: too many arguments for format [-Wformat-extra-args]
rc_bounds.c:835:81: warning: unknown conversion type character 'z' in format [-Wformat=]
rc_bounds.c:835:36: warning: too many arguments for format [-Wformat-extra-args]
rc_bounds.c:838:69: warning: unknown conversion type character 'z' in format [-Wformat=]
rc_bounds.c:838:37: warning: too many arguments for format [-Wformat-extra-args]
rc_bounds.c:841:71: warning: unknown conversion type character 'z' in format [-Wformat=]
rc_bounds.c:841:37: warning: too many arguments for format [-Wformat-extra-args]
stan_sampler.cpp:151:21: warning: format '%lu' expects argument of type 'long unsigned int', but argument 2 has type 'size_t' {aka 'long long unsigned int'} [-Wformat=]
stan_sampler.cpp:280:57: warning: format '%lu' expects argument of type 'long unsigned int', but argument 4 has type 'size_t' {aka 'long long unsigned int'} [-Wformat=]
stan_sampler.cpp:280:62: warning: format '%lu' expects argument of type 'long unsigned int', but argument 5 has type 'size_t' {aka 'long long unsigned int'} [-Wformat=]
stan_sampler.cpp:285:40: warning: format '%lu' expects argument of type 'long unsigned int', but argument 2 has type 'size_t' {aka 'long long unsigned int'} [-Wformat=]
stan_sampler.cpp:285:54: warning: format '%lu' expects argument of type 'long unsigned int', but argument 3 has type 'size_t' {aka 'long long unsigned int'} [-Wformat=]
stan_sampler.cpp:291:21: warning: format '%lu' expects argument of type 'long unsigned int', but argument 2 has type 'size_t' {aka 'long long unsigned int'} [-Wformat=]
stan_sampler.cpp:301:21: warning: format '%lu' expects argument of type 'long unsigned int', but argument 2 has type 'size_t' {aka 'long long unsigned int'} [-Wformat=]
stan_sampler.cpp:307:46: warning: format '%lu' expects argument of type 'long unsigned int', but argument 2 has type 'size_t' {aka 'long long unsigned int'} [-Wformat=]
stan_sampler.cpp:307:60: warning: format '%lu' expects argument of type 'long unsigned int', but argument 3 has type 'long long unsigned int' [-Wformat=]
stan_sampler.cpp:312:45: warning: format '%lu' expects argument of type 'long unsigned int', but argument 2 has type 'size_t' {aka 'long long unsigned int'} [-Wformat=]
stan_sampler.cpp:312:59: warning: format '%lu' expects argument of type 'long unsigned int', but argument 3 has type 'size_t' {aka 'long long unsigned int'} [-Wformat=]
stan_sampler.cpp:317:50: warning: format '%lu' expects argument of type 'long unsigned int', but argument 2 has type 'std::size_t' {aka 'long long unsigned int'} [-Wformat=]
stan_sampler.cpp:317:64: warning: format '%lu' expects argument of type 'long unsigned int', but argument 3 has type 'size_t' {aka 'long long unsigned int'} [-Wformat=]
stan_sampler.cpp:322:31: warning: format '%lu' expects argument of type 'long unsigned int', but argument 2 has type 'size_t' {aka 'long long unsigned int'} [-Wformat=]
stan_sampler.cpp:327:49: warning: format '%lu' expects argument of type 'long unsigned int', but argument 2 has type 'std::size_t' {aka 'long long unsigned int'} [-Wformat=]
stan_sampler.cpp:327:63: warning: format '%lu' expects argument of type 'long unsigned int', but argument 3 has type 'size_t' {aka 'long long unsigned int'} [-Wformat=]
stan_sampler.cpp:332:30: warning: format '%lu' expects argument of type 'long unsigned int', but argument 2 has type 'size_t' {aka 'long long unsigned int'} [-Wformat=]
stan_sampler.cpp:337:47: warning: format '%lu' expects argument of type 'long unsigned int', but argument 2 has type 'std::size_t' {aka 'long long unsigned int'} [-Wformat=]
stan_sampler.cpp:337:61: warning: format '%lu' expects argument of type 'long unsigned int', but argument 3 has type 'size_t' {aka 'long long unsigned int'} [-Wformat=]
stan_sampler.cpp:342:28: warning: format '%lu' expects argument of type 'long unsigned int', but argument 2 has type 'size_t' {aka 'long long unsigned int'} [-Wformat=]
stan_sampler.cpp:349:52: warning: format '%lu' expects argument of type 'long unsigned int', but argument 2 has type 'std::size_t' {aka 'long long unsigned int'} [-Wformat=]
stan_sampler.cpp:349:66: warning: format '%lu' expects argument of type 'long unsigned int', but argument 3 has type 'size_t' {aka 'long long unsigned int'} [-Wformat=]
stan_sampler.cpp:354:33: warning: format '%lu' expects argument of type 'long unsigned int', but argument 2 has type 'size_t' {aka 'long long unsigned int'} [-Wformat=]
stan_sampler.cpp:359:47: warning: format '%lu' expects argument of type 'long unsigned int', but argument 2 has type 'std::size_t' {aka 'long long unsigned int'} [-Wformat=]
stan_sampler.cpp:359:61: warning: format '%lu' expects argument of type 'long unsigned int', but argument 3 has type 'int' [-Wformat=]
stan_sampler.cpp:365:21: warning: format '%lu' expects argument of type 'long unsigned int', but argument 2 has type 'size_t' {aka 'long long unsigned int'} [-Wformat=]
See 'd:/Rcompile/CRANpkg/local/4.4/stan4bart.Rcheck/00install.out' for details.
* used C compiler: 'gcc.exe (GCC) 12.3.0'
* used C++ compiler: 'g++.exe (GCC) 12.3.0'
Flavor: r-devel-windows-x86_64
Version: 0.0-6
Check: installed package size
Result: NOTE
installed size is 53.0Mb
sub-directories of 1Mb or more:
libs 52.7Mb
Flavors: r-release-macos-arm64, r-release-macos-x86_64, r-oldrel-macos-arm64, r-oldrel-macos-x86_64