Last updated on 2023-11-30 16:49:39 CET.
Flavor | Version | Tinstall | Tcheck | Ttotal | Status | Flags |
---|---|---|---|---|---|---|
r-devel-linux-x86_64-debian-clang | 0.6.0.7 | 25.35 | 310.31 | 335.66 | NOTE | |
r-devel-linux-x86_64-debian-gcc | 0.6.0.7 | 22.29 | 227.71 | 250.00 | NOTE | |
r-devel-linux-x86_64-fedora-clang | 0.6.0.7 | 417.80 | NOTE | |||
r-devel-linux-x86_64-fedora-gcc | 0.6.0.7 | 434.16 | NOTE | |||
r-devel-windows-x86_64 | 0.6.0.7 | 27.00 | 263.00 | 290.00 | NOTE | |
r-patched-linux-x86_64 | 0.6.0.7 | 24.30 | 292.60 | 316.90 | OK | |
r-release-linux-x86_64 | 0.6.0.7 | 22.56 | 294.73 | 317.29 | OK | |
r-release-macos-arm64 | 0.6.0.7 | 105.00 | ERROR | |||
r-release-macos-x86_64 | 0.6.0.7 | 202.00 | OK | |||
r-release-windows-x86_64 | 0.6.0.7 | 37.00 | 338.00 | 375.00 | OK | |
r-oldrel-macos-arm64 | 0.6.0.7 | 109.00 | ERROR | |||
r-oldrel-macos-x86_64 | 0.6.0.7 | 148.00 | NOTE | |||
r-oldrel-windows-x86_64 | 0.6.0.7 | 37.00 | 311.00 | 348.00 | OK |
Version: 0.6.0.7
Check: Rd files
Result: NOTE
checkRd: (-1) calcule-report_mig-method.Rd:27: Lost braces
27 | to number coefficients in the database (see link{report_ge_weight}).}
| ^
checkRd: (-1) calcule-report_mig_mult-method.Rd:31: Lost braces
31 | to number coefficients in the database (see link{report_ge_weight}).}
| ^
checkRd: (-1) model-report_ge_weight-method.Rd:30-33: Lost braces in \itemize; meant \describe ?
checkRd: (-1) model-report_ge_weight-method.Rd:34-40: Lost braces in \itemize; meant \describe ?
checkRd: (-1) model-report_ge_weight-method.Rd:41-44: Lost braces in \itemize; meant \describe ?
checkRd: (-1) model-report_ge_weight-method.Rd:45-48: Lost braces in \itemize; meant \describe ?
checkRd: (-1) plot-report_dc-missing-method.Rd:43: Lost braces in \itemize; meant \describe ?
checkRd: (-1) plot-report_dc-missing-method.Rd:44: Lost braces in \itemize; meant \describe ?
checkRd: (-1) plot-report_dc-missing-method.Rd:45: Lost braces in \itemize; meant \describe ?
checkRd: (-1) plot-report_dc-missing-method.Rd:46: Lost braces in \itemize; meant \describe ?
checkRd: (-1) plot-report_df-missing-method.Rd:38: Lost braces in \itemize; meant \describe ?
checkRd: (-1) plot-report_df-missing-method.Rd:39: Lost braces in \itemize; meant \describe ?
checkRd: (-1) plot-report_df-missing-method.Rd:40: Lost braces in \itemize; meant \describe ?
checkRd: (-1) plot-report_df-missing-method.Rd:41: Lost braces in \itemize; meant \describe ?
checkRd: (-1) plot-report_mig-ANY-method.Rd:40-41: Lost braces in \itemize; meant \describe ?
checkRd: (-1) plot-report_mig-ANY-method.Rd:42: Lost braces in \itemize; meant \describe ?
checkRd: (-1) plot-report_mig-ANY-method.Rd:43: Lost braces in \itemize; meant \describe ?
checkRd: (-1) plot-report_mig_mult-missing-method.Rd:37-38: Lost braces in \itemize; meant \describe ?
checkRd: (-1) plot-report_mig_mult-missing-method.Rd:39: Lost braces in \itemize; meant \describe ?
checkRd: (-1) plot-report_mig_mult-missing-method.Rd:40: Lost braces in \itemize; meant \describe ?
checkRd: (-1) plot-report_sea_age-missing-method.Rd:15: Lost braces in \itemize; meant \describe ?
checkRd: (-1) plot-report_sea_age-missing-method.Rd:16: Lost braces in \itemize; meant \describe ?
checkRd: (-1) plot-report_silver_eel-missing-method.Rd:15-16: Lost braces in \itemize; meant \describe ?
checkRd: (-1) plot-report_silver_eel-missing-method.Rd:17-18: Lost braces in \itemize; meant \describe ?
checkRd: (-1) plot-report_silver_eel-missing-method.Rd:19-20: Lost braces in \itemize; meant \describe ?
checkRd: (-1) plot-report_silver_eel-missing-method.Rd:21: Lost braces in \itemize; meant \describe ?
Flavors: r-devel-linux-x86_64-debian-clang, r-devel-linux-x86_64-debian-gcc
Version: 0.6.0.7
Check: Rd \usage sections
Result: NOTE
Documented arguments not in \usage in Rd file 'connect-report_mig-method.Rd':
‘h’ ‘...’
Documented arguments not in \usage in Rd file 'print-report_mig-method.Rd':
‘h’
Functions with \usage entries need to have the appropriate \alias
entries, and all their arguments documented.
The \usage entries must correspond to syntactically valid R code.
See chapter ‘Writing R documentation files’ in the ‘Writing R
Extensions’ manual.
Flavors: r-devel-linux-x86_64-debian-clang, r-devel-linux-x86_64-debian-gcc, r-devel-linux-x86_64-fedora-clang, r-devel-linux-x86_64-fedora-gcc, r-devel-windows-x86_64
Version: 0.6.0.7
Check: data for non-ASCII characters
Result: NOTE
Note: found 40748 marked UTF-8 strings
Flavors: r-devel-linux-x86_64-fedora-clang, r-devel-linux-x86_64-fedora-gcc, r-oldrel-macos-x86_64
Version: 0.6.0.7
Check: re-building of vignette outputs
Result: ERROR
Error(s) in re-building vignettes:
...
--- re-building ‘stacomir.Rmd’ using rmarkdown
Quitting from lines 302-324 (stacomir.Rmd)
Error: processing vignette 'stacomir.Rmd' failed with diagnostics:
duplicated values in No.pas
--- failed re-building ‘stacomir.Rmd’
SUMMARY: processing the following file failed:
‘stacomir.Rmd’
Error: Vignette re-building failed.
Execution halted
Flavor: r-release-macos-arm64
Version: 0.6.0.7
Check: re-building of vignette outputs
Result: ERROR
Error(s) in re-building vignettes:
...
--- re-building ‘stacomir.Rmd’ using rmarkdown
Quitting from lines 302-324 [rmmstd] (stacomir.Rmd)
Error: processing vignette 'stacomir.Rmd' failed with diagnostics:
duplicated values in No.pas
--- failed re-building ‘stacomir.Rmd’
SUMMARY: processing the following file failed:
‘stacomir.Rmd’
Error: Vignette re-building failed.
Execution halted
Flavor: r-oldrel-macos-arm64