CRAN Package Check Results for Package staTools

Last updated on 2020-10-25 15:48:59 CET.

Flavor Version Tinstall Tcheck Ttotal Status Flags
r-devel-linux-x86_64-debian-clang 0.1.0 19.80 51.15 70.95 NOTE
r-devel-linux-x86_64-debian-gcc 0.1.0 14.92 39.28 54.20 NOTE
r-devel-linux-x86_64-fedora-clang 0.1.0 102.85 NOTE
r-devel-linux-x86_64-fedora-gcc 0.1.0 93.02 NOTE
r-devel-windows-ix86+x86_64 0.1.0 47.00 100.00 147.00 NOTE
r-patched-linux-x86_64 0.1.0 20.11 47.66 67.77 NOTE
r-patched-solaris-x86 0.1.0 120.40 NOTE
r-release-linux-x86_64 0.1.0 19.26 47.22 66.48 NOTE
r-release-macos-x86_64 0.1.0 NOTE
r-release-windows-ix86+x86_64 0.1.0 35.00 81.00 116.00 NOTE
r-oldrel-macos-x86_64 0.1.0 NOTE
r-oldrel-windows-ix86+x86_64 0.1.0 44.00 76.00 120.00 NOTE

Check Details

Version: 0.1.0
Check: R code for possible problems
Result: NOTE
    inspect: no visible global function definition for 'par'
    inspect: no visible global function definition for 'abline'
    inspect: no visible global function definition for 'lines'
    inspect: no visible global function definition for 'points'
    plotfit: no visible global function definition for 'dev.off'
    plotfit: no visible global function definition for 'par'
    plotfit: no visible global function definition for 'lines'
    plotfit: no visible global function definition for 'points'
    plotfit: no visible global function definition for 'legend'
    plothill: no visible global function definition for 'par'
    plothill: no visible global function definition for 'abline'
    plothill: no visible global function definition for 'points'
    plotmultifit: no visible global function definition for 'par'
    plotmultifit: no visible global function definition for 'lines'
    plotmultifit: no visible global function definition for 'points'
    plotmultifit: no visible global function definition for 'pexp'
    plotmultifit: no visible global function definition for 'plnorm'
    plotmultifit: no visible global function definition for 'ppois'
    plotmultifit: no visible global function definition for 'legend'
    plotols: no visible global function definition for 'dev.off'
    plotols: no visible global function definition for 'lm'
    plotols: no visible global function definition for 'par'
    plotols: no visible global function definition for 'abline'
    plotols: no visible global function definition for 'legend'
    Undefined global functions or variables:
     abline dev.off legend lines lm par pexp plnorm points ppois
    Consider adding
     importFrom("grDevices", "dev.off")
     importFrom("graphics", "abline", "legend", "lines", "par", "points")
     importFrom("stats", "lm", "pexp", "plnorm", "ppois")
    to your NAMESPACE file.
Flavors: r-devel-linux-x86_64-debian-clang, r-devel-linux-x86_64-debian-gcc, r-devel-linux-x86_64-fedora-clang, r-devel-linux-x86_64-fedora-gcc, r-devel-windows-ix86+x86_64, r-patched-linux-x86_64, r-patched-solaris-x86, r-release-linux-x86_64, r-release-macos-x86_64, r-release-windows-ix86+x86_64, r-oldrel-macos-x86_64, r-oldrel-windows-ix86+x86_64

Version: 0.1.0
Check: compiled code
Result: NOTE
    File ‘staTools/libs/staTools.so’:
     Found no calls to: ‘R_registerRoutines’, ‘R_useDynamicSymbols’
    
    It is good practice to register native routines and to disable symbol
    search.
    
    See ‘Writing portable packages’ in the ‘Writing R Extensions’ manual.
Flavors: r-devel-linux-x86_64-fedora-clang, r-devel-linux-x86_64-fedora-gcc