CRAN Package Check Results for Package stR

Last updated on 2020-08-03 05:49:03 CEST.

Flavor Version Tinstall Tcheck Ttotal Status Flags
r-devel-linux-x86_64-debian-clang 0.4 17.26 163.96 181.22 OK
r-devel-linux-x86_64-debian-gcc 0.4 11.88 125.35 137.23 OK
r-devel-linux-x86_64-fedora-clang 0.4 218.29 OK
r-devel-linux-x86_64-fedora-gcc 0.4 208.56 OK
r-devel-windows-ix86+x86_64 0.4 49.00 153.00 202.00 NOTE
r-patched-linux-x86_64 0.4 15.30 158.97 174.27 OK
r-patched-solaris-x86 0.4 320.00 WARN
r-release-linux-x86_64 0.4 15.68 159.88 175.56 OK
r-release-macos-x86_64 0.4 OK
r-release-windows-ix86+x86_64 0.4 57.00 241.00 298.00 NOTE
r-oldrel-macos-x86_64 0.4 WARN
r-oldrel-windows-ix86+x86_64 0.4 21.00 185.00 206.00 NOTE

Check Details

Version: 0.4
Check: package dependencies
Result: NOTE
    Package suggested but not available for checking: 'doMC'
Flavors: r-devel-windows-ix86+x86_64, r-release-windows-ix86+x86_64, r-oldrel-windows-ix86+x86_64

Version: 0.4
Check: re-building of vignette outputs
Result: WARN
    Error(s) in re-building vignettes:
     ...
    --- re-building ‘stRvignette.Rmd’ using rmarkdown
    Warning in engine$weave(file, quiet = quiet, encoding = enc) :
     Pandoc (>= 1.12.3) and/or pandoc-citeproc not available. Falling back to R Markdown v1.
    Quitting from lines 61-64 (stRvignette.Rmd)
    Error: processing vignette 'stRvignette.Rmd' failed with diagnostics:
    Process terminated
    --- failed re-building ‘stRvignette.Rmd’
    
    SUMMARY: processing the following file failed:
     ‘stRvignette.Rmd’
    
    Error: Vignette re-building failed.
    Execution halted
Flavor: r-patched-solaris-x86

Version: 0.4
Check: package dependencies
Result: NOTE
    Package suggested but not available for checking: ‘seasonal’
Flavor: r-oldrel-macos-x86_64

Version: 0.4
Check: whether package can be installed
Result: WARN
    Found the following significant warnings:
     Warning: 'rgl_init' failed, running with rgl.useNULL = TRUE
Flavor: r-oldrel-macos-x86_64

Version: 0.4
Check: re-building of vignette outputs
Result: WARN
    Error(s) in re-building vignettes:
     ...
    --- re-building ‘stRvignette.Rmd’ using rmarkdown
    Warning in engine$weave(file, quiet = quiet, encoding = enc) :
     Pandoc (>= 1.12.3) and/or pandoc-citeproc not available. Falling back to R Markdown v1.
    Quitting from lines 13-17 (stRvignette.Rmd)
    Error: processing vignette 'stRvignette.Rmd' failed with diagnostics:
    there is no package called 'seasonal'
    --- failed re-building ‘stRvignette.Rmd’
    
    SUMMARY: processing the following file failed:
     ‘stRvignette.Rmd’
    
    Error: Vignette re-building failed.
    Execution halted
Flavor: r-oldrel-macos-x86_64