CRAN Package Check Results for Package ssh.utils

Last updated on 2020-08-08 15:47:03 CEST.

Flavor Version Tinstall Tcheck Ttotal Status Flags
r-devel-linux-x86_64-debian-clang 1.0 2.18 19.69 21.87 NOTE
r-devel-linux-x86_64-debian-gcc 1.0 1.72 15.67 17.39 NOTE
r-devel-linux-x86_64-fedora-clang 1.0 35.27 NOTE
r-devel-linux-x86_64-fedora-gcc 1.0 25.86 NOTE
r-patched-linux-x86_64 1.0 2.05 19.88 21.93 NOTE
r-patched-solaris-x86 1.0 45.10 NOTE
r-release-linux-x86_64 1.0 2.19 19.59 21.78 NOTE
r-release-macos-x86_64 1.0 NOTE
r-oldrel-macos-x86_64 1.0 NOTE

Check Details

Version: 1.0
Check: DESCRIPTION meta-information
Result: NOTE
    Malformed Title field: should not end in a period.
Flavors: r-devel-linux-x86_64-debian-clang, r-devel-linux-x86_64-debian-gcc, r-devel-linux-x86_64-fedora-clang, r-devel-linux-x86_64-fedora-gcc, r-patched-linux-x86_64, r-patched-solaris-x86, r-release-linux-x86_64, r-release-macos-x86_64, r-oldrel-macos-x86_64

Version: 1.0
Check: R code for possible problems
Result: NOTE
    mem.usage: no visible global function definition for 'read.delim'
    Undefined global functions or variables:
     read.delim
    Consider adding
     importFrom("utils", "read.delim")
    to your NAMESPACE file.
Flavors: r-devel-linux-x86_64-debian-clang, r-devel-linux-x86_64-debian-gcc, r-devel-linux-x86_64-fedora-clang, r-devel-linux-x86_64-fedora-gcc, r-patched-linux-x86_64, r-patched-solaris-x86, r-release-linux-x86_64, r-release-macos-x86_64, r-oldrel-macos-x86_64