CRAN Package Check Results for Package ssMousetrack

Last updated on 2020-08-13 15:51:22 CEST.

Flavor Version Tinstall Tcheck Ttotal Status Flags
r-devel-linux-x86_64-debian-clang 1.1.5 559.67 101.19 660.86 NOTE
r-devel-linux-x86_64-debian-gcc 1.1.5 471.19 91.34 562.53 NOTE
r-devel-linux-x86_64-fedora-clang 1.1.5 886.02 NOTE
r-devel-linux-x86_64-fedora-gcc 1.1.5 896.76 NOTE
r-devel-windows-ix86+x86_64 1.1.5 1170.00 316.00 1486.00 NOTE
r-patched-linux-x86_64 1.1.5 484.60 116.03 600.63 NOTE
r-patched-solaris-x86 1.1.5 802.80 NOTE
r-release-linux-x86_64 1.1.5 490.55 117.99 608.54 NOTE
r-release-macos-x86_64 1.1.5 NOTE
r-release-windows-ix86+x86_64 1.1.5 1123.00 213.00 1336.00 NOTE
r-oldrel-macos-x86_64 1.1.5 NOTE
r-oldrel-windows-ix86+x86_64 1.1.5 764.00 203.00 967.00 NOTE

Check Details

Version: 1.1.5
Check: for GNU extensions in Makefiles
Result: NOTE
    GNU make is a SystemRequirements.
Flavors: r-devel-linux-x86_64-debian-clang, r-devel-linux-x86_64-debian-gcc, r-devel-linux-x86_64-fedora-clang, r-devel-linux-x86_64-fedora-gcc, r-devel-windows-ix86+x86_64, r-patched-linux-x86_64, r-patched-solaris-x86, r-release-linux-x86_64, r-release-macos-x86_64, r-release-windows-ix86+x86_64, r-oldrel-macos-x86_64, r-oldrel-windows-ix86+x86_64

Version: 1.1.5
Check: installed package size
Result: NOTE
     installed size is 94.6Mb
     sub-directories of 1Mb or more:
     libs 94.2Mb
Flavors: r-devel-linux-x86_64-fedora-clang, r-devel-windows-ix86+x86_64, r-patched-solaris-x86, r-release-macos-x86_64, r-release-windows-ix86+x86_64, r-oldrel-macos-x86_64, r-oldrel-windows-ix86+x86_64