CRAN Package Check Results for Package spsurvey

Last updated on 2024-02-28 16:50:49 CET.

Flavor Version Tinstall Tcheck Ttotal Status Flags
r-devel-linux-x86_64-debian-clang 5.5.1 33.21 412.79 446.00 OK
r-devel-linux-x86_64-debian-gcc 5.5.1 24.42 316.63 341.05 OK
r-devel-linux-x86_64-fedora-clang 5.5.1 415.94 NOTE
r-devel-linux-x86_64-fedora-gcc 5.5.1 390.12 OK
r-devel-windows-x86_64 5.5.1 30.00 295.00 325.00 NOTE
r-patched-linux-x86_64 5.5.1 36.64 416.80 453.44 OK
r-release-linux-x86_64 5.5.1 23.76 414.96 438.72 OK
r-release-macos-arm64 5.5.1 139.00 NOTE
r-release-macos-x86_64 5.5.1 370.00 NOTE
r-release-windows-x86_64 5.5.1 41.00 393.00 434.00 NOTE
r-oldrel-macos-arm64 5.5.1 137.00 NOTE
r-oldrel-windows-x86_64 5.5.1 42.00 384.00 426.00 NOTE

Check Details

Version: 5.5.1
Check: installed package size
Result: NOTE installed size is 7.1Mb sub-directories of 1Mb or more: doc 5.5Mb Flavors: r-devel-linux-x86_64-fedora-clang, r-devel-windows-x86_64, r-release-macos-arm64, r-release-macos-x86_64, r-release-windows-x86_64, r-oldrel-macos-arm64, r-oldrel-windows-x86_64