Last updated on 2023-12-07 16:49:47 CET.
Flavor | Version | Tinstall | Tcheck | Ttotal | Status | Flags |
---|---|---|---|---|---|---|
r-devel-linux-x86_64-debian-clang | 1.1.0 | 5.33 | 49.35 | 54.68 | NOTE | |
r-devel-linux-x86_64-debian-gcc | 1.1.0 | 4.08 | 38.30 | 42.38 | NOTE | |
r-devel-linux-x86_64-fedora-clang | 1.1.0 | 70.17 | NOTE | |||
r-devel-linux-x86_64-fedora-gcc | 1.1.0 | 66.14 | NOTE | |||
r-devel-windows-x86_64 | 1.1.0 | 7.00 | 68.00 | 75.00 | NOTE | |
r-patched-linux-x86_64 | 1.1.0 | 9.47 | 48.73 | 58.20 | NOTE | |
r-release-linux-x86_64 | 1.1.0 | 4.20 | 48.06 | 52.26 | NOTE | |
r-release-macos-arm64 | 1.1.0 | 28.00 | NOTE | |||
r-release-macos-x86_64 | 1.1.0 | 38.00 | NOTE | |||
r-release-windows-x86_64 | 1.1.0 | 8.00 | 73.00 | 81.00 | NOTE | |
r-oldrel-macos-arm64 | 1.1.0 | 24.00 | OK | |||
r-oldrel-macos-x86_64 | 1.1.0 | 34.00 | OK | |||
r-oldrel-windows-x86_64 | 1.1.0 | 9.00 | 66.00 | 75.00 | OK |
Version: 1.1.0
Check: Rd files
Result: NOTE
checkRd: (-1) shpdata1.Rd:7: Lost braces
7 | \format{An object of class /code{"list"}.}
| ^
checkRd: (-1) shypEstFun.Rd:52: Escaped LaTeX specials: \$
checkRd: (-1) shypEstFun.Rd:54: Escaped LaTeX specials: \$
checkRd: (-1) sncFun.01110.Rd:27: Lost braces
27 | The function is Eq. Table 1-C1 in insertRef{Streck.2020}{spsh} using eq 21 which can be used
| ^
checkRd: (-1) sncFun.01110.Rd:27: Lost braces
27 | The function is Eq. Table 1-C1 in insertRef{Streck.2020}{spsh} using eq 21 which can be used
| ^
checkRd: (-1) sncFun.02110.Rd:27: Lost braces
27 | The function is Eq. Table 1-B in insertRef{Streck.2020}{spsh}
| ^
checkRd: (-1) sncFun.02110.Rd:27: Lost braces
27 | The function is Eq. Table 1-B in insertRef{Streck.2020}{spsh}
| ^
checkRd: (-1) sncFun.04110.Rd:27: Lost braces
27 | The function is Eq. Table 1-A in insertRef{Streck.2020}{spsh}
| ^
checkRd: (-1) sncFun.04110.Rd:27: Lost braces
27 | The function is Eq. Table 1-A in insertRef{Streck.2020}{spsh}
| ^
Flavors: r-devel-linux-x86_64-debian-clang, r-devel-linux-x86_64-debian-gcc
Version: 1.1.0
Check: Rd files
Result: NOTE
checkRd: (-1) shypEstFun.Rd:52: Escaped LaTeX specials: \$
checkRd: (-1) shypEstFun.Rd:54: Escaped LaTeX specials: \$
Flavors: r-devel-linux-x86_64-fedora-clang, r-devel-linux-x86_64-fedora-gcc, r-devel-windows-x86_64, r-patched-linux-x86_64, r-release-linux-x86_64, r-release-macos-arm64, r-release-macos-x86_64, r-release-windows-x86_64