Last updated on 2023-11-30 16:49:39 CET.
Flavor | Version | Tinstall | Tcheck | Ttotal | Status | Flags |
---|---|---|---|---|---|---|
r-devel-linux-x86_64-debian-clang | 0.1.2 | 23.35 | 386.19 | 409.54 | NOTE | |
r-devel-linux-x86_64-debian-gcc | 0.1.2 | 17.91 | 276.96 | 294.87 | NOTE | |
r-devel-linux-x86_64-fedora-clang | 0.1.2 | 501.25 | NOTE | |||
r-devel-linux-x86_64-fedora-gcc | 0.1.2 | 514.44 | NOTE | |||
r-devel-windows-x86_64 | 0.1.2 | 19.00 | 321.00 | 340.00 | OK | |
r-patched-linux-x86_64 | 0.1.2 | 22.45 | 358.09 | 380.54 | OK | |
r-release-linux-x86_64 | 0.1.2 | 14.40 | 355.60 | 370.00 | OK | |
r-release-macos-arm64 | 0.1.2 | 164.00 | OK | |||
r-release-macos-x86_64 | 0.1.2 | 261.00 | OK | |||
r-release-windows-x86_64 | 0.1.2 | 26.00 | 397.00 | 423.00 | OK | |
r-oldrel-macos-arm64 | 0.1.2 | 216.00 | NOTE | |||
r-oldrel-macos-x86_64 | 0.1.2 | 333.00 | NOTE | |||
r-oldrel-windows-x86_64 | 0.1.2 | 26.00 | 391.00 | 417.00 | OK |
Version: 0.1.2
Check: Rd files
Result: NOTE
checkRd: (-1) Q.test.Rd:75: Lost braces; missing escapes or markup?
75 | patterns of co-location are possible (the number of symbols is \eqn{n_{\sigma}}=8): {0,0,0}, {1,0,0},
| ^
checkRd: (-1) Q.test.Rd:75: Lost braces; missing escapes or markup?
75 | patterns of co-location are possible (the number of symbols is \eqn{n_{\sigma}}=8): {0,0,0}, {1,0,0},
| ^
checkRd: (-1) Q.test.Rd:76: Lost braces; missing escapes or markup?
76 | {0,1,0}, {0,0,1}, {1,1,0}, {1,0,1}, {0,1,1}, and {1,1,1}. Each unique co-locationtype
| ^
checkRd: (-1) Q.test.Rd:76: Lost braces; missing escapes or markup?
76 | {0,1,0}, {0,0,1}, {1,1,0}, {1,0,1}, {0,1,1}, and {1,1,1}. Each unique co-locationtype
| ^
checkRd: (-1) Q.test.Rd:76: Lost braces; missing escapes or markup?
76 | {0,1,0}, {0,0,1}, {1,1,0}, {1,0,1}, {0,1,1}, and {1,1,1}. Each unique co-locationtype
| ^
checkRd: (-1) Q.test.Rd:76: Lost braces; missing escapes or markup?
76 | {0,1,0}, {0,0,1}, {1,1,0}, {1,0,1}, {0,1,1}, and {1,1,1}. Each unique co-locationtype
| ^
checkRd: (-1) Q.test.Rd:76: Lost braces; missing escapes or markup?
76 | {0,1,0}, {0,0,1}, {1,1,0}, {1,0,1}, {0,1,1}, and {1,1,1}. Each unique co-locationtype
| ^
checkRd: (-1) Q.test.Rd:76: Lost braces; missing escapes or markup?
76 | {0,1,0}, {0,0,1}, {1,1,0}, {1,0,1}, {0,1,1}, and {1,1,1}. Each unique co-locationtype
| ^
checkRd: (-1) local.sp.runs.test.Rd:56-57: Lost braces in \itemize; meant \describe ?
checkRd: (-1) local.sp.runs.test.Rd:58-60: Lost braces in \itemize; meant \describe ?
checkRd: (-1) local.sp.runs.test.Rd:61-64: Lost braces in \itemize; meant \describe ?
checkRd: (-1) m.surround.Rd:50-51: Lost braces in \itemize; meant \describe ?
checkRd: (-1) m.surround.Rd:52-56: Lost braces in \itemize; meant \describe ?
checkRd: (-1) m.surround.Rd:57-63: Lost braces in \itemize; meant \describe ?
checkRd: (-1) m.surround.Rd:64-69: Lost braces in \itemize; meant \describe ?
checkRd: (-1) sp.runs.test.Rd:62: Lost braces in \itemize; meant \describe ?
checkRd: (-1) sp.runs.test.Rd:63-65: Lost braces in \itemize; meant \describe ?
checkRd: (-1) sp.runs.test.Rd:66-68: Lost braces in \itemize; meant \describe ?
Flavors: r-devel-linux-x86_64-debian-clang, r-devel-linux-x86_64-debian-gcc
Version: 0.1.2
Check: dependencies in R code
Result: NOTE
Namespaces in Imports field not imported from:
‘lwgeom’ ‘rgeoda’
All declared Imports should be used.
Flavors: r-devel-linux-x86_64-fedora-clang, r-devel-linux-x86_64-fedora-gcc, r-oldrel-macos-arm64, r-oldrel-macos-x86_64
Version: 0.1.2
Check: data for non-ASCII characters
Result: NOTE
Note: found 4 marked UTF-8 strings
Flavors: r-devel-linux-x86_64-fedora-clang, r-devel-linux-x86_64-fedora-gcc, r-oldrel-macos-arm64, r-oldrel-macos-x86_64