CRAN Package Check Results for Package spm

Last updated on 2020-10-30 03:50:27 CET.

Flavor Version Tinstall Tcheck Ttotal Status Flags
r-devel-linux-x86_64-debian-clang 1.2.0 7.82 38.83 46.65 OK
r-devel-linux-x86_64-debian-gcc 1.2.0 6.19 30.66 36.85 OK
r-devel-linux-x86_64-fedora-clang 1.2.0 65.45 NOTE
r-devel-linux-x86_64-fedora-gcc 1.2.0 56.24 NOTE
r-devel-windows-ix86+x86_64 1.2.0 15.00 59.00 74.00 OK
r-patched-linux-x86_64 1.2.0 7.54 37.83 45.37 OK
r-patched-solaris-x86 1.2.0 86.10 NOTE
r-release-linux-x86_64 1.2.0 7.19 37.42 44.61 OK
r-release-macos-x86_64 1.2.0 NOTE
r-release-windows-ix86+x86_64 1.2.0 11.00 65.00 76.00 OK
r-oldrel-macos-x86_64 1.2.0 NOTE
r-oldrel-windows-ix86+x86_64 1.2.0 12.00 56.00 68.00 OK

Check Details

Version: 1.2.0
Check: dependencies in R code
Result: NOTE
    Namespace in Imports field not imported from: ‘biomod2’
     All declared Imports should be used.
Flavors: r-devel-linux-x86_64-fedora-clang, r-devel-linux-x86_64-fedora-gcc, r-patched-solaris-x86, r-release-macos-x86_64, r-oldrel-macos-x86_64