CRAN Package Check Results for Package splitstackshape

Last updated on 2024-02-22 16:49:29 CET.

Flavor Version Tinstall Tcheck Ttotal Status Flags
r-devel-linux-x86_64-debian-clang 1.4.8 NOTE
r-devel-linux-x86_64-debian-gcc 1.4.8 2.47 29.37 31.84 NOTE
r-devel-linux-x86_64-fedora-clang 1.4.8 51.83 NOTE
r-devel-linux-x86_64-fedora-gcc 1.4.8 48.32 NOTE
r-devel-windows-x86_64 1.4.8 4.00 54.00 58.00 NOTE
r-patched-linux-x86_64 1.4.8 3.69 37.88 41.57 NOTE
r-release-linux-x86_64 1.4.8 3.92 36.74 40.66 NOTE
r-release-macos-arm64 1.4.8 19.00 NOTE
r-release-macos-x86_64 1.4.8 29.00 NOTE
r-release-windows-x86_64 1.4.8 4.00 58.00 62.00 NOTE
r-oldrel-macos-arm64 1.4.8 18.00 OK
r-oldrel-windows-x86_64 1.4.8 5.00 57.00 62.00 OK

Check Details

Version: 1.4.8
Check: package subdirectories
Result: NOTE Problems with news in ‘NEWS.md’: Cannot extract version info from the following section titles: Feature Changes Flavors: r-devel-linux-x86_64-debian-clang, r-devel-linux-x86_64-debian-gcc, r-devel-linux-x86_64-fedora-clang, r-devel-linux-x86_64-fedora-gcc, r-devel-windows-x86_64, r-patched-linux-x86_64, r-release-linux-x86_64, r-release-macos-arm64, r-release-macos-x86_64, r-release-windows-x86_64

Version: 1.4.8
Check: Rd cross-references
Result: NOTE Undeclared packages ‘reshape2’, ‘sampling’, ‘dplyr’ in Rd xrefs Flavor: r-devel-linux-x86_64-fedora-clang