CRAN Package Check Results for Package splitfngr

Last updated on 2024-03-01 04:51:56 CET.

Flavor Version Tinstall Tcheck Ttotal Status Flags
r-devel-linux-x86_64-debian-clang 0.1.2 1.86 21.52 23.38 NOTE
r-devel-linux-x86_64-debian-gcc 0.1.2 1.49 17.00 18.49 NOTE
r-devel-linux-x86_64-fedora-clang 0.1.2 29.36 NOTE
r-devel-linux-x86_64-fedora-gcc 0.1.2 28.03 NOTE
r-devel-windows-x86_64 0.1.2 3.00 37.00 40.00 NOTE
r-patched-linux-x86_64 0.1.2 1.97 21.67 23.64 NOTE
r-release-linux-x86_64 0.1.2 1.86 21.34 23.20 NOTE
r-release-macos-arm64 0.1.2 16.00 NOTE
r-release-macos-x86_64 0.1.2 19.00 NOTE
r-release-windows-x86_64 0.1.2 3.00 33.00 36.00 NOTE
r-oldrel-macos-arm64 0.1.2 16.00 NOTE
r-oldrel-windows-x86_64 0.1.2 4.00 43.00 47.00 NOTE

Check Details

Version: 0.1.2
Check: LazyData
Result: NOTE 'LazyData' is specified without a 'data' directory Flavors: r-devel-linux-x86_64-debian-clang, r-devel-linux-x86_64-debian-gcc, r-devel-linux-x86_64-fedora-clang, r-devel-linux-x86_64-fedora-gcc, r-devel-windows-x86_64, r-patched-linux-x86_64, r-release-linux-x86_64, r-release-macos-arm64, r-release-macos-x86_64, r-release-windows-x86_64, r-oldrel-macos-arm64, r-oldrel-windows-x86_64