CRAN Package Check Results for Package spef

Last updated on 2020-08-13 15:51:22 CEST.

Flavor Version Tinstall Tcheck Ttotal Status Flags
r-devel-linux-x86_64-debian-clang 1.0.9 26.05 104.33 130.38 OK
r-devel-linux-x86_64-debian-gcc 1.0.9 18.16 78.44 96.60 OK
r-devel-linux-x86_64-fedora-clang 1.0.9 164.02 OK
r-devel-linux-x86_64-fedora-gcc 1.0.9 148.64 OK
r-devel-windows-ix86+x86_64 1.0.9 52.00 184.00 236.00 OK
r-patched-linux-x86_64 1.0.9 23.78 100.16 123.94 OK
r-patched-solaris-x86 1.0.9 225.30 OK
r-release-linux-x86_64 1.0.9 23.00 99.61 122.61 OK
r-release-macos-x86_64 1.0.9 OK
r-release-windows-ix86+x86_64 1.0.9 47.00 132.00 179.00 OK
r-oldrel-macos-x86_64 1.0.9 WARN
r-oldrel-windows-ix86+x86_64 1.0.9 31.00 140.00 171.00 OK

Check Details

Version: 1.0.9
Check: dependencies in R code
Result: NOTE
    No protocol specified
    No protocol specified
Flavor: r-oldrel-macos-x86_64

Version: 1.0.9
Check: S3 generic/method consistency
Result: WARN
    No protocol specified
    No protocol specified
    See section ‘Generic functions and methods’ in the ‘Writing R
    Extensions’ manual.
Flavor: r-oldrel-macos-x86_64

Version: 1.0.9
Check: replacement functions
Result: WARN
    No protocol specified
    No protocol specified
    The argument of a replacement function which corresponds to the right
    hand side must be named ‘value’.
Flavor: r-oldrel-macos-x86_64

Version: 1.0.9
Check: foreign function calls
Result: NOTE
    No protocol specified
    No protocol specified
    See chapter ‘System and foreign language interfaces’ in the ‘Writing R
    Extensions’ manual.
Flavor: r-oldrel-macos-x86_64

Version: 1.0.9
Check: R code for possible problems
Result: NOTE
    No protocol specified
    No protocol specified
Flavor: r-oldrel-macos-x86_64

Version: 1.0.9
Check: for missing documentation entries
Result: WARN
    No protocol specified
    No protocol specified
    All user-level objects in a package should have documentation entries.
    See chapter ‘Writing R documentation files’ in the ‘Writing R
    Extensions’ manual.
Flavor: r-oldrel-macos-x86_64

Version: 1.0.9
Check: for code/documentation mismatches
Result: WARN
    No protocol specified
    No protocol specified
    No protocol specified
    No protocol specified
    No protocol specified
    No protocol specified
Flavor: r-oldrel-macos-x86_64

Version: 1.0.9
Check: Rd \usage sections
Result: NOTE
    No protocol specified
    No protocol specified
    The \usage entries for S3 methods should use the \method markup and not
    their full name.
    See chapter ‘Writing R documentation files’ in the ‘Writing R
    Extensions’ manual.
Flavor: r-oldrel-macos-x86_64