Last updated on 2023-12-04 05:09:22 CET.
Flavor | Version | Tinstall | Tcheck | Ttotal | Status | Flags |
---|---|---|---|---|---|---|
r-devel-linux-x86_64-debian-clang | 0.5-4 | 24.70 | 269.87 | 294.57 | NOTE | |
r-devel-linux-x86_64-debian-gcc | 0.5-4 | 17.72 | 203.32 | 221.04 | NOTE | |
r-devel-linux-x86_64-fedora-clang | 0.5-4 | 380.26 | OK | |||
r-devel-linux-x86_64-fedora-gcc | 0.5-4 | 368.38 | OK | |||
r-devel-windows-x86_64 | 0.5-4 | 18.00 | 228.00 | 246.00 | OK | |
r-patched-linux-x86_64 | 0.5-4 | 22.76 | 257.11 | 279.87 | OK | |
r-release-linux-x86_64 | 0.5-4 | 15.61 | 257.58 | 273.19 | OK | |
r-release-macos-arm64 | 0.5-4 | 105.00 | OK | |||
r-release-macos-x86_64 | 0.5-4 | 276.00 | OK | |||
r-release-windows-x86_64 | 0.5-4 | 25.00 | 278.00 | 303.00 | OK | |
r-oldrel-macos-arm64 | 0.5-4 | 100.00 | OK | |||
r-oldrel-macos-x86_64 | 0.5-4 | 136.00 | OK | |||
r-oldrel-windows-x86_64 | 0.5-4 | 26.00 | 271.00 | 297.00 | OK |
Version: 0.5-4
Check: Rd files
Result: NOTE
checkRd: (-1) australia.Rd:15: Lost braces in \itemize; meant \describe ?
checkRd: (-1) australia.Rd:16: Lost braces in \itemize; meant \describe ?
checkRd: (-1) australia.Rd:17: Lost braces in \itemize; meant \describe ?
checkRd: (-1) australia.Rd:18: Lost braces in \itemize; meant \describe ?
checkRd: (-1) australia.Rd:19: Lost braces in \itemize; meant \describe ?
Flavors: r-devel-linux-x86_64-debian-clang, r-devel-linux-x86_64-debian-gcc