CRAN Package Check Results for Package spdep

Last updated on 2020-10-26 03:48:36 CET.

Flavor Version Tinstall Tcheck Ttotal Status Flags
r-devel-linux-x86_64-debian-clang 1.1-5 47.16 329.06 376.22 OK
r-devel-linux-x86_64-debian-gcc 1.1-5 35.33 242.17 277.50 OK
r-devel-linux-x86_64-fedora-clang 1.1-5 449.10 NOTE
r-devel-linux-x86_64-fedora-gcc 1.1-5 437.84 OK
r-devel-windows-ix86+x86_64 1.1-5 92.00 488.00 580.00 NOTE
r-patched-linux-x86_64 1.1-5 42.31 297.93 340.24 OK
r-patched-solaris-x86 1.1-5 562.80 NOTE
r-release-linux-x86_64 1.1-5 38.66 295.90 334.56 OK
r-release-macos-x86_64 1.1-5 NOTE
r-release-windows-ix86+x86_64 1.1-5 76.00 392.00 468.00 NOTE
r-oldrel-macos-x86_64 1.1-5 NOTE
r-oldrel-windows-ix86+x86_64 1.1-5 88.00 555.00 643.00 NOTE

Check Details

Version: 1.1-5
Check: installed package size
Result: NOTE
     installed size is 7.5Mb
     sub-directories of 1Mb or more:
     R 1.2Mb
     doc 5.1Mb
Flavors: r-devel-linux-x86_64-fedora-clang, r-devel-windows-ix86+x86_64, r-patched-solaris-x86, r-release-macos-x86_64, r-release-windows-ix86+x86_64, r-oldrel-macos-x86_64, r-oldrel-windows-ix86+x86_64