CRAN Package Check Results for Package spatialEco

Last updated on 2020-08-04 03:48:05 CEST.

Flavor Version Tinstall Tcheck Ttotal Status Flags
r-devel-linux-x86_64-debian-clang 1.3-2 18.11 204.71 222.82 OK
r-devel-linux-x86_64-debian-gcc 1.3-2 15.27 154.05 169.32 OK
r-devel-linux-x86_64-fedora-clang 1.3-2 266.34 OK
r-devel-linux-x86_64-fedora-gcc 1.3-2 270.44 OK
r-devel-windows-ix86+x86_64 1.3-2 44.00 215.00 259.00 OK
r-patched-linux-x86_64 1.3-2 18.53 197.73 216.26 OK
r-patched-solaris-x86 1.3-2 338.80 OK
r-release-linux-x86_64 1.3-2 20.84 201.66 222.50 OK
r-release-macos-x86_64 1.3-2 ERROR
r-release-windows-ix86+x86_64 1.3-2 51.00 268.00 319.00 OK
r-oldrel-macos-x86_64 1.3-2 OK
r-oldrel-windows-ix86+x86_64 1.3-2 30.00 258.00 288.00 OK

Check Details

Version: 1.3-2
Check: examples
Result: ERROR
    Running examples in ‘spatialEco-Ex.R’ failed
    The error most likely occurred in:
    
    > ### Name: sar
    > ### Title: Surface Area Ratio
    > ### Aliases: sar
    >
    > ### ** Examples
    >
    > library(raster)
    Loading required package: sp
    
    Attaching package: ‘raster’
    
    The following object is masked from ‘package:spatialEco’:
    
     shift
    
    > data(elev)
    > surface.ratio <- sar(elev, s=90)
    
     *** caught segfault ***
    address 0x110554ff8, cause 'memory not mapped'
    
    Traceback:
     1: .terrain(as.double(values(x)), as.integer(dim(out)), rs, un, nopt, lonlat, y)
     2: .local(x, ...)
     3: raster::terrain(x, out = "slope", unit = "degrees", flatAspect = 0)
     4: raster::terrain(x, out = "slope", unit = "degrees", flatAspect = 0)
     5: sar(elev, s = 90)
    An irrecoverable exception occurred. R is aborting now ...
Flavor: r-release-macos-x86_64