CRAN Package Check Results for Package sparta

Last updated on 2023-12-10 16:51:28 CET.

Flavor Version Tinstall Tcheck Ttotal Status Flags
r-devel-linux-x86_64-debian-clang 0.8.4 109.61 35.57 145.18 NOTE
r-devel-linux-x86_64-debian-gcc 0.8.4 74.71 27.16 101.87 NOTE
r-devel-linux-x86_64-fedora-clang 0.8.4 217.18 NOTE
r-devel-linux-x86_64-fedora-gcc 0.8.4 219.34 NOTE
r-devel-windows-x86_64 0.8.4 81.00 73.00 154.00 NOTE
r-patched-linux-x86_64 0.8.4 87.98 34.55 122.53 NOTE
r-release-linux-x86_64 0.8.4 91.33 34.29 125.62 NOTE
r-release-macos-arm64 0.8.4 55.00 NOTE
r-release-macos-x86_64 0.8.4 91.00 NOTE
r-release-windows-x86_64 0.8.4 106.00 78.00 184.00 NOTE
r-oldrel-macos-arm64 0.8.4 48.00 OK
r-oldrel-macos-x86_64 0.8.4 60.00 OK
r-oldrel-windows-x86_64 0.8.4 98.00 75.00 173.00 OK

Check Details

Version: 0.8.4
Check: C++ specification
Result: NOTE Specified C++11: please drop specification unless essential Flavors: r-devel-linux-x86_64-debian-clang, r-devel-linux-x86_64-debian-gcc, r-devel-linux-x86_64-fedora-clang, r-devel-linux-x86_64-fedora-gcc, r-devel-windows-x86_64, r-patched-linux-x86_64, r-release-linux-x86_64, r-release-macos-arm64, r-release-macos-x86_64, r-release-windows-x86_64