CRAN Package Check Results for Package sparsebnUtils

Last updated on 2021-12-08 03:58:34 CET.

Flavor Version Tinstall Tcheck Ttotal Status Flags
r-devel-linux-x86_64-debian-clang 0.0.8 4.88 62.28 67.16 OK
r-devel-linux-x86_64-debian-gcc 0.0.8 3.30 47.32 50.62 OK
r-devel-linux-x86_64-fedora-clang 0.0.8 81.59 NOTE
r-devel-linux-x86_64-fedora-gcc 0.0.8 70.04 OK
r-devel-windows-x86_64-new-UL 0.0.8 17.00 89.00 106.00 OK
r-devel-windows-x86_64-new-TK 0.0.8 OK
r-devel-windows-x86_64-old 0.0.8 9.00 57.00 66.00 OK
r-patched-linux-x86_64 0.0.8 4.91 59.26 64.17 OK
r-release-linux-x86_64 0.0.8 4.43 59.83 64.26 OK
r-release-macos-arm64 0.0.8 NOTE
r-release-macos-x86_64 0.0.8 OK
r-release-windows-ix86+x86_64 0.0.8 6.00 85.00 91.00 OK
r-oldrel-macos-x86_64 0.0.8 OK
r-oldrel-windows-ix86+x86_64 0.0.8 9.00 71.00 80.00 OK

Check Details

Version: 0.0.8
Check: Rd cross-references
Result: NOTE
    Undeclared package ‘sparsebn’ in Rd xrefs
Flavor: r-devel-linux-x86_64-fedora-clang

Version: 0.0.8
Check: package dependencies
Result: NOTE
    Package suggested but not available for checking: ‘RCy3’
Flavor: r-release-macos-arm64

Version: 0.0.8
Check: Rd cross-references
Result: NOTE
    Package unavailable to check Rd xrefs: ‘RCy3’
Flavor: r-release-macos-arm64