Last updated on 2023-12-06 07:50:30 CET.
Flavor | Version | Tinstall | Tcheck | Ttotal | Status | Flags |
---|---|---|---|---|---|---|
r-devel-linux-x86_64-debian-clang | 1.8.4 | 35.21 | 219.52 | 254.73 | OK | |
r-devel-linux-x86_64-debian-gcc | 1.8.4 | 29.19 | 162.97 | 192.16 | OK | |
r-devel-linux-x86_64-fedora-clang | 1.8.4 | 319.41 | NOTE | |||
r-devel-linux-x86_64-fedora-gcc | 1.8.4 | 301.99 | OK | |||
r-devel-windows-x86_64 | 1.8.4 | 32.00 | 221.00 | 253.00 | NOTE | |
r-patched-linux-x86_64 | 1.8.4 | 41.82 | 205.89 | 247.71 | OK | |
r-release-linux-x86_64 | 1.8.4 | 23.32 | 206.33 | 229.65 | OK | |
r-release-macos-arm64 | 1.8.4 | 95.00 | NOTE | |||
r-release-macos-x86_64 | 1.8.4 | 163.00 | NOTE | |||
r-release-windows-x86_64 | 1.8.4 | 42.00 | 258.00 | 300.00 | NOTE | |
r-oldrel-macos-arm64 | 1.8.4 | 83.00 | NOTE | |||
r-oldrel-macos-x86_64 | 1.8.3 | 105.00 | NOTE | |||
r-oldrel-windows-x86_64 | 1.8.4 | 47.00 | 184.00 | 231.00 | NOTE |
Version: 1.8.4
Check: package dependencies
Result: NOTE
Imports includes 21 non-default packages.
Importing from so many packages makes the package vulnerable to any of
them becoming unavailable. Move as many as possible to Suggests and
use conditionally.
Flavor: r-devel-linux-x86_64-fedora-clang
Version: 1.8.4
Check: installed package size
Result: NOTE
installed size is 6.8Mb
sub-directories of 1Mb or more:
R 1.6Mb
java 3.8Mb
Flavors: r-devel-linux-x86_64-fedora-clang, r-devel-windows-x86_64, r-release-macos-arm64, r-release-macos-x86_64, r-release-windows-x86_64, r-oldrel-macos-arm64, r-oldrel-windows-x86_64
Version: 1.8.3
Check: installed package size
Result: NOTE
installed size is 6.7Mb
sub-directories of 1Mb or more:
R 1.6Mb
java 3.8Mb
Flavor: r-oldrel-macos-x86_64