Last updated on 2023-12-06 16:53:27 CET.
Flavor | Version | Tinstall | Tcheck | Ttotal | Status | Flags |
---|---|---|---|---|---|---|
r-devel-linux-x86_64-debian-clang | 2.17.0 | 28.94 | 298.57 | 327.51 | OK | |
r-devel-linux-x86_64-debian-gcc | 2.17.0 | 22.24 | 224.92 | 247.16 | OK | |
r-devel-linux-x86_64-fedora-clang | 2.17.0 | 351.88 | NOTE | |||
r-devel-linux-x86_64-fedora-gcc | 2.17.0 | 341.41 | OK | |||
r-devel-windows-x86_64 | 2.17.0 | 27.00 | 290.00 | 317.00 | OK | |
r-patched-linux-x86_64 | 2.17.0 | 23.96 | 285.37 | 309.33 | OK | |
r-release-linux-x86_64 | 2.17.0 | 19.26 | 286.78 | 306.04 | OK | |
r-release-macos-arm64 | 2.17.0 | 137.00 | OK | |||
r-release-macos-x86_64 | 2.17.0 | 389.00 | OK | |||
r-release-windows-x86_64 | 2.17.0 | 34.00 | 338.00 | 372.00 | OK | |
r-oldrel-macos-arm64 | 2.17.0 | 135.00 | OK | |||
r-oldrel-macos-x86_64 | 2.15.0 | 171.00 | OK | |||
r-oldrel-windows-x86_64 | 2.17.0 | 33.00 | 286.00 | 319.00 | OK |
Version: 2.17.0
Check: installed package size
Result: NOTE
installed size is 5.8Mb
sub-directories of 1Mb or more:
doc 1.6Mb
libs 2.0Mb
Flavor: r-devel-linux-x86_64-fedora-clang