Last updated on 2023-04-01 04:56:31 CEST.
Flavor | Version | Tinstall | Tcheck | Ttotal | Status | Flags |
---|---|---|---|---|---|---|
r-devel-linux-x86_64-debian-clang | 1.2-8 | 15.36 | 207.50 | 222.86 | OK | |
r-devel-linux-x86_64-debian-gcc | 1.2-8 | 12.81 | 157.50 | 170.31 | OK | |
r-devel-linux-x86_64-fedora-clang | 1.2-8 | 277.76 | OK | |||
r-devel-linux-x86_64-fedora-gcc | 1.2-8 | 310.32 | OK | |||
r-patched-linux-x86_64 | 1.2-8 | 15.14 | 197.89 | 213.03 | OK | |
r-release-linux-x86_64 | 1.2-8 | 15.46 | 202.25 | 217.71 | OK | |
r-release-macos-arm64 | 1.2-8 | 95.00 | NOTE | |||
r-release-macos-x86_64 | 1.2-8 | 134.00 | OK | |||
r-release-windows-x86_64 | 1.2-8 | 93.00 | 336.00 | 429.00 | OK | |
r-oldrel-macos-arm64 | 1.2-8 | 89.00 | OK | |||
r-oldrel-macos-x86_64 | 1.2-8 | 133.00 | OK | |||
r-oldrel-windows-ix86+x86_64 | 1.2-8 | 27.00 | 280.00 | 307.00 | OK |
Version: 1.2-8
Check: package dependencies
Result: NOTE
Package suggested but not available for checking: ‘sftime’
Flavor: r-release-macos-arm64