CRAN Package Check Results for Package spaMM

Last updated on 2020-08-14 03:47:59 CEST.

Flavor Version Tinstall Tcheck Ttotal Status Flags
r-devel-linux-x86_64-debian-clang 3.3.0 179.68 228.20 407.88 OK
r-devel-linux-x86_64-debian-gcc 3.4.1 158.30 176.89 335.19 OK
r-devel-linux-x86_64-fedora-clang 3.4.1 527.81 NOTE
r-devel-linux-x86_64-fedora-gcc 3.4.1 516.31 OK
r-devel-windows-ix86+x86_64 3.3.0 365.00 389.00 754.00 NOTE
r-patched-linux-x86_64 3.4.1 169.83 237.17 407.00 OK
r-patched-solaris-x86 3.4.1 572.50 OK
r-release-linux-x86_64 3.4.1 166.07 242.36 408.43 OK
r-release-macos-x86_64 3.4.1 NOTE
r-release-windows-ix86+x86_64 3.4.1 343.00 351.00 694.00 NOTE
r-oldrel-macos-x86_64 3.4.1 NOTE
r-oldrel-windows-ix86+x86_64 3.3.0 230.00 288.00 518.00 OK

Check Details

Version: 3.4.1
Check: installed package size
Result: NOTE
     installed size is 37.7Mb
     sub-directories of 1Mb or more:
     R 1.7Mb
     libs 35.1Mb
Flavors: r-devel-linux-x86_64-fedora-clang, r-release-macos-x86_64, r-release-windows-ix86+x86_64, r-oldrel-macos-x86_64

Version: 3.3.0
Check: installed package size
Result: NOTE
     installed size is 5.4Mb
     sub-directories of 1Mb or more:
     R 1.6Mb
     libs 2.9Mb
Flavor: r-devel-windows-ix86+x86_64