Last updated on 2023-12-07 16:49:47 CET.
Flavor | Version | Tinstall | Tcheck | Ttotal | Status | Flags |
---|---|---|---|---|---|---|
r-devel-linux-x86_64-debian-clang | 0.4-6 | 81.53 | 112.37 | 193.90 | OK | |
r-devel-linux-x86_64-debian-gcc | 0.4-6 | 59.62 | 85.13 | 144.75 | WARN | |
r-devel-linux-x86_64-fedora-clang | 0.4-6 | 288.08 | OK | |||
r-devel-linux-x86_64-fedora-gcc | 0.4-6 | 255.11 | WARN | |||
r-devel-windows-x86_64 | 0.4-6 | 68.00 | 110.00 | 178.00 | WARN | |
r-patched-linux-x86_64 | 0.4-6 | 71.15 | 113.76 | 184.91 | OK | |
r-release-linux-x86_64 | 0.4-6 | 65.66 | 110.69 | 176.35 | OK | |
r-release-macos-arm64 | 0.4-6 | 66.00 | OK | |||
r-release-macos-x86_64 | 0.4-6 | 121.00 | OK | |||
r-release-windows-x86_64 | 0.4-6 | 87.00 | 131.00 | 218.00 | OK | |
r-oldrel-macos-arm64 | 0.4-6 | 71.00 | OK | |||
r-oldrel-macos-x86_64 | 0.4-6 | 84.00 | OK | |||
r-oldrel-windows-x86_64 | 0.4-6 | 74.00 | 129.00 | 203.00 | OK |
Version: 0.4-6
Check: whether package can be installed
Result: WARN
Found the following significant warnings:
nonSpGLM_AMCMC.cpp:251:44: warning: unknown conversion type character ‘\x09’ in format [-Wformat=]
spPPLM.cpp:543:40: warning: unknown conversion type character ‘\x09’ in format [-Wformat=]
spPPLM.cpp:545:42: warning: unknown conversion type character ‘\x09’ in format [-Wformat=]
spPPLM.cpp:547:37: warning: unknown conversion type character ‘\x09’ in format [-Wformat=]
spPPLM.cpp:549:38: warning: unknown conversion type character ‘\x09’ in format [-Wformat=]
spPPMvLM.cpp:807:46: warning: unknown conversion type character ‘\x09’ in format [-Wformat=]
spPPMvLM.cpp:813:48: warning: unknown conversion type character ‘\x09’ in format [-Wformat=]
spPPMvLM.cpp:818:50: warning: unknown conversion type character ‘\x09’ in format [-Wformat=]
spPPMvLM.cpp:824:43: warning: unknown conversion type character ‘\x09’ in format [-Wformat=]
spPPMvLM.cpp:829:44: warning: unknown conversion type character ‘\x09’ in format [-Wformat=]
See ‘/home/hornik/tmp/R.check/r-devel-gcc/Work/PKGS/spBayes.Rcheck/00install.out’ for details.
* used C++ compiler: ‘g++-13 (Debian 13.2.0-7) 13.2.0’
Flavor: r-devel-linux-x86_64-debian-gcc
Version: 0.4-6
Check: whether package can be installed
Result: WARN
Found the following significant warnings:
nonSpGLM_AMCMC.cpp:251:44: warning: unknown conversion type character '\x09' in format [-Wformat=]
spPPLM.cpp:543:40: warning: unknown conversion type character '\x09' in format [-Wformat=]
spPPLM.cpp:545:42: warning: unknown conversion type character '\x09' in format [-Wformat=]
spPPLM.cpp:547:37: warning: unknown conversion type character '\x09' in format [-Wformat=]
spPPLM.cpp:549:38: warning: unknown conversion type character '\x09' in format [-Wformat=]
spPPMvLM.cpp:807:46: warning: unknown conversion type character '\x09' in format [-Wformat=]
spPPMvLM.cpp:813:48: warning: unknown conversion type character '\x09' in format [-Wformat=]
spPPMvLM.cpp:818:50: warning: unknown conversion type character '\x09' in format [-Wformat=]
spPPMvLM.cpp:824:43: warning: unknown conversion type character '\x09' in format [-Wformat=]
spPPMvLM.cpp:829:44: warning: unknown conversion type character '\x09' in format [-Wformat=]
See ‘/data/gannet/ripley/R/packages/tests-devel/spBayes.Rcheck/00install.out’ for details.
* used C++ compiler: ‘g++-13 (GCC) 13.2.0’
Flavor: r-devel-linux-x86_64-fedora-gcc
Version: 0.4-6
Check: whether package can be installed
Result: WARN
Found the following significant warnings:
nonSpGLM_AMCMC.cpp:251:44: warning: unknown conversion type character '\x09' in format [-Wformat=]
spPPLM.cpp:543:40: warning: unknown conversion type character '\x09' in format [-Wformat=]
spPPLM.cpp:545:42: warning: unknown conversion type character '\x09' in format [-Wformat=]
spPPLM.cpp:547:37: warning: unknown conversion type character '\x09' in format [-Wformat=]
spPPLM.cpp:549:38: warning: unknown conversion type character '\x09' in format [-Wformat=]
spPPMvLM.cpp:807:46: warning: unknown conversion type character '\x09' in format [-Wformat=]
spPPMvLM.cpp:813:48: warning: unknown conversion type character '\x09' in format [-Wformat=]
spPPMvLM.cpp:818:50: warning: unknown conversion type character '\x09' in format [-Wformat=]
spPPMvLM.cpp:824:43: warning: unknown conversion type character '\x09' in format [-Wformat=]
spPPMvLM.cpp:829:44: warning: unknown conversion type character '\x09' in format [-Wformat=]
See 'd:/Rcompile/CRANpkg/local/4.4/spBayes.Rcheck/00install.out' for details.
* used C++ compiler: 'g++.exe (GCC) 12.3.0'
Flavor: r-devel-windows-x86_64