CRAN Package Check Results for Package spANOVA

Last updated on 2020-08-04 03:48:05 CEST.

Flavor Version Tinstall Tcheck Ttotal Status Flags
r-devel-linux-x86_64-debian-clang 0.99.2 26.16 218.68 244.84 OK
r-devel-linux-x86_64-debian-gcc 0.99.2 21.16 164.81 185.97 OK
r-devel-linux-x86_64-fedora-clang 0.99.2 301.76 OK
r-devel-linux-x86_64-fedora-gcc 0.99.2 293.59 OK
r-devel-windows-ix86+x86_64 0.99.2 71.00 190.00 261.00 OK
r-patched-linux-x86_64 0.99.2 26.37 206.77 233.14 OK
r-patched-solaris-x86 0.99.2 420.80 OK
r-release-linux-x86_64 0.99.2 28.20 212.83 241.03 OK
r-release-macos-x86_64 0.99.2 OK
r-release-windows-ix86+x86_64 0.99.2 63.00 262.00 325.00 OK
r-oldrel-macos-x86_64 0.99.2 WARN
r-oldrel-windows-ix86+x86_64 0.99.2 42.00 176.00 218.00 OK

Check Details

Version: 0.99.2
Check: dependencies in R code
Result: NOTE
    No protocol specified
    No protocol specified
Flavor: r-oldrel-macos-x86_64

Version: 0.99.2
Check: S3 generic/method consistency
Result: WARN
    No protocol specified
    No protocol specified
    See section ‘Generic functions and methods’ in the ‘Writing R
    Extensions’ manual.
Flavor: r-oldrel-macos-x86_64

Version: 0.99.2
Check: replacement functions
Result: WARN
    No protocol specified
    No protocol specified
    The argument of a replacement function which corresponds to the right
    hand side must be named ‘value’.
Flavor: r-oldrel-macos-x86_64

Version: 0.99.2
Check: foreign function calls
Result: NOTE
    No protocol specified
    No protocol specified
    See chapter ‘System and foreign language interfaces’ in the ‘Writing R
    Extensions’ manual.
Flavor: r-oldrel-macos-x86_64

Version: 0.99.2
Check: R code for possible problems
Result: NOTE
    No protocol specified
    No protocol specified
Flavor: r-oldrel-macos-x86_64

Version: 0.99.2
Check: for missing documentation entries
Result: WARN
    No protocol specified
    No protocol specified
    All user-level objects in a package should have documentation entries.
    See chapter ‘Writing R documentation files’ in the ‘Writing R
    Extensions’ manual.
Flavor: r-oldrel-macos-x86_64

Version: 0.99.2
Check: for code/documentation mismatches
Result: WARN
    No protocol specified
    No protocol specified
    No protocol specified
    No protocol specified
    No protocol specified
    No protocol specified
Flavor: r-oldrel-macos-x86_64

Version: 0.99.2
Check: Rd \usage sections
Result: NOTE
    No protocol specified
    No protocol specified
    The \usage entries for S3 methods should use the \method markup and not
    their full name.
    See chapter ‘Writing R documentation files’ in the ‘Writing R
    Extensions’ manual.
Flavor: r-oldrel-macos-x86_64