CRAN Package Check Results for Package sotu

Last updated on 2024-02-26 04:49:40 CET.

Flavor Version Tinstall Tcheck Ttotal Status Flags
r-devel-linux-x86_64-debian-clang 1.0.4 4.24 22.71 26.95 OK
r-devel-linux-x86_64-debian-gcc 1.0.4 3.43 18.60 22.03 OK
r-devel-linux-x86_64-fedora-clang 1.0.4 34.39 NOTE
r-devel-linux-x86_64-fedora-gcc 1.0.4 32.96 NOTE
r-devel-windows-x86_64 1.0.4 5.00 41.00 46.00 OK
r-patched-linux-x86_64 1.0.4 3.85 22.61 26.46 OK
r-release-linux-x86_64 1.0.4 4.56 22.48 27.04 OK
r-release-macos-arm64 1.0.4 16.00 OK
r-release-macos-x86_64 1.0.4 25.00 OK
r-release-windows-x86_64 1.0.4 7.00 39.00 46.00 OK
r-oldrel-macos-arm64 1.0.4 16.00 OK
r-oldrel-windows-x86_64 1.0.4 8.00 50.00 58.00 OK

Check Details

Version: 1.0.4
Check: data for non-ASCII characters
Result: NOTE Note: found 4 marked UTF-8 strings Flavors: r-devel-linux-x86_64-fedora-clang, r-devel-linux-x86_64-fedora-gcc