CRAN Package Check Results for Package som

Last updated on 2023-11-28 16:48:34 CET.

Flavor Version Tinstall Tcheck Ttotal Status Flags
r-devel-linux-x86_64-debian-clang 0.3-5.1 5.53 27.20 32.73 NOTE
r-devel-linux-x86_64-debian-gcc 0.3-5.1 4.13 21.03 25.16 NOTE
r-devel-linux-x86_64-fedora-clang 0.3-5.1 42.11 NOTE
r-devel-linux-x86_64-fedora-gcc 0.3-5.1 38.94 NOTE
r-devel-windows-x86_64 0.3-5.1 6.00 63.00 69.00 NOTE
r-patched-linux-x86_64 0.3-5.1 4.98 26.09 31.07 NOTE
r-release-linux-x86_64 0.3-5.1 5.24 26.44 31.68 NOTE
r-release-macos-arm64 0.3-5.1 18.00 NOTE
r-release-macos-x86_64 0.3-5.1 25.00 NOTE
r-release-windows-x86_64 0.3-5.1 9.00 62.00 71.00 NOTE
r-oldrel-macos-arm64 0.3-5.1 17.00 OK
r-oldrel-macos-x86_64 0.3-5.1 26.00 OK
r-oldrel-windows-x86_64 0.3-5.1 11.00 63.00 74.00 OK

Check Details

Version: 0.3-5.1
Check: Rd files
Result: NOTE checkRd: (-1) plot.som.Rd:27: Escaped LaTeX specials: \_ checkRd: (-1) som.Rd:128: Escaped LaTeX specials: \_ Flavors: r-devel-linux-x86_64-debian-clang, r-devel-linux-x86_64-debian-gcc, r-devel-linux-x86_64-fedora-clang, r-devel-linux-x86_64-fedora-gcc, r-devel-windows-x86_64, r-patched-linux-x86_64, r-release-linux-x86_64, r-release-macos-arm64, r-release-macos-x86_64, r-release-windows-x86_64

Version: 0.3-5.1
Check: compiled code
Result: NOTE File ‘som/libs/som.so’: Found no calls to: ‘R_registerRoutines’, ‘R_useDynamicSymbols’ It is good practice to register native routines and to disable symbol search. See ‘Writing portable packages’ in the ‘Writing R Extensions’ manual. Flavors: r-devel-linux-x86_64-fedora-clang, r-devel-linux-x86_64-fedora-gcc