CRAN Package Check Results for Package som

Last updated on 2020-08-03 05:49:01 CEST.

Flavor Version Tinstall Tcheck Ttotal Status Flags
r-devel-linux-x86_64-debian-clang 0.3-5.1 4.41 23.14 27.55 OK
r-devel-linux-x86_64-debian-gcc 0.3-5.1 3.39 18.26 21.65 OK
r-devel-linux-x86_64-fedora-clang 0.3-5.1 45.64 NOTE
r-devel-linux-x86_64-fedora-gcc 0.3-5.1 33.51 NOTE
r-devel-windows-ix86+x86_64 0.3-5.1 15.00 50.00 65.00 OK
r-patched-linux-x86_64 0.3-5.1 3.84 23.26 27.10 OK
r-patched-solaris-x86 0.3-5.1 52.20 OK
r-release-linux-x86_64 0.3-5.1 4.28 22.98 27.26 OK
r-release-macos-x86_64 0.3-5.1 OK
r-release-windows-ix86+x86_64 0.3-5.1 10.00 68.00 78.00 OK
r-oldrel-macos-x86_64 0.3-5.1 OK
r-oldrel-windows-ix86+x86_64 0.3-5.1 14.00 70.00 84.00 OK

Check Details

Version: 0.3-5.1
Check: compiled code
Result: NOTE
    File ‘som/libs/som.so’:
     Found no calls to: ‘R_registerRoutines’, ‘R_useDynamicSymbols’
    
    It is good practice to register native routines and to disable symbol
    search.
    
    See ‘Writing portable packages’ in the ‘Writing R Extensions’ manual.
Flavors: r-devel-linux-x86_64-fedora-clang, r-devel-linux-x86_64-fedora-gcc