CRAN Package Check Results for Package solitude

Last updated on 2023-12-02 16:49:29 CET.

Flavor Version Tinstall Tcheck Ttotal Status Flags
r-devel-linux-x86_64-debian-clang 1.1.3 3.60 33.33 36.93 OK
r-devel-linux-x86_64-debian-gcc 1.1.3 2.85 24.84 27.69 OK
r-devel-linux-x86_64-fedora-clang 1.1.3 45.67 NOTE
r-devel-linux-x86_64-fedora-gcc 1.1.3 44.57 NOTE
r-devel-windows-x86_64 1.1.3 4.00 47.00 51.00 OK
r-patched-linux-x86_64 1.1.3 4.01 32.94 36.95 OK
r-release-linux-x86_64 1.1.3 3.12 31.17 34.29 OK
r-release-macos-arm64 1.1.3 19.00 OK
r-release-macos-x86_64 1.1.3 25.00 OK
r-release-windows-x86_64 1.1.3 4.00 50.00 54.00 OK
r-oldrel-macos-arm64 1.1.3 19.00 NOTE
r-oldrel-macos-x86_64 1.1.3 24.00 NOTE
r-oldrel-windows-x86_64 1.1.3 4.00 52.00 56.00 OK

Check Details

Version: 1.1.3
Check: dependencies in R code
Result: NOTE Namespaces in Imports field not imported from: ‘R6’ ‘lgr’ All declared Imports should be used. Flavors: r-devel-linux-x86_64-fedora-clang, r-devel-linux-x86_64-fedora-gcc, r-oldrel-macos-arm64, r-oldrel-macos-x86_64