CRAN Package Check Results for Package solitude

Last updated on 2024-07-21 16:52:23 CEST.

Flavor Version Tinstall Tcheck Ttotal Status Flags
r-devel-linux-x86_64-debian-clang 1.1.3 3.96 33.88 37.84 OK
r-devel-linux-x86_64-debian-gcc 1.1.3 2.78 25.34 28.12 OK
r-devel-linux-x86_64-fedora-clang 1.1.3 48.49 NOTE
r-devel-linux-x86_64-fedora-gcc 1.1.3 44.22 NOTE
r-devel-windows-x86_64 1.1.3 4.00 48.00 52.00 OK
r-patched-linux-x86_64 1.1.3 4.04 31.23 35.27 OK
r-release-linux-x86_64 1.1.3 3.24 33.28 36.52 OK
r-release-macos-arm64 1.1.3 18.00 OK
r-release-macos-x86_64 1.1.3 26.00 OK
r-release-windows-x86_64 1.1.3 4.00 46.00 50.00 OK
r-oldrel-macos-arm64 1.1.3 19.00 OK
r-oldrel-macos-x86_64 1.1.3 25.00 OK
r-oldrel-windows-x86_64 1.1.3 5.00 51.00 56.00 OK

Check Details

Version: 1.1.3
Check: dependencies in R code
Result: NOTE Namespaces in Imports field not imported from: ‘R6’ ‘lgr’ All declared Imports should be used. Flavors: r-devel-linux-x86_64-fedora-clang, r-devel-linux-x86_64-fedora-gcc