CRAN Package Check Results for Package socviz

Last updated on 2024-02-24 16:48:34 CET.

Flavor Version Tinstall Tcheck Ttotal Status Flags
r-devel-linux-x86_64-debian-clang 1.2 3.47 29.84 33.31 NOTE
r-devel-linux-x86_64-debian-gcc 1.2 3.37 22.91 26.28 NOTE
r-devel-linux-x86_64-fedora-clang 1.2 41.02 OK
r-devel-linux-x86_64-fedora-gcc 1.2 39.09 OK
r-devel-windows-x86_64 1.2 6.00 50.00 56.00 OK
r-patched-linux-x86_64 1.2 4.76 28.59 33.35 OK
r-release-linux-x86_64 1.2 4.96 28.73 33.69 OK
r-release-macos-arm64 1.2 21.00 OK
r-release-macos-x86_64 1.2 25.00 OK
r-release-windows-x86_64 1.2 8.00 51.00 59.00 OK
r-oldrel-macos-arm64 1.2 18.00 OK
r-oldrel-windows-x86_64 1.2 7.00 50.00 57.00 OK

Check Details

Version: 1.2
Check: Rd files
Result: NOTE checkRd: (-1) preg2.Rd:8: Lost braces 8 | An object of class \\code{tbl_df} (inherits from \\code{tbl}, \\code{data.frame}) with 2 rows and 4 columns. | ^ checkRd: (-1) preg2.Rd:8: Lost braces 8 | An object of class \\code{tbl_df} (inherits from \\code{tbl}, \\code{data.frame}) with 2 rows and 4 columns. | ^ checkRd: (-1) preg2.Rd:8: Lost braces 8 | An object of class \\code{tbl_df} (inherits from \\code{tbl}, \\code{data.frame}) with 2 rows and 4 columns. | ^ Flavors: r-devel-linux-x86_64-debian-clang, r-devel-linux-x86_64-debian-gcc