CRAN Package Check Results for Package snowfall

Last updated on 2022-12-01 04:00:45 CET.

Flavor Version Tinstall Tcheck Ttotal Status Flags
r-devel-linux-x86_64-debian-clang 1.84-6.2 3.19 35.59 38.78 OK
r-devel-linux-x86_64-debian-gcc 1.84-6.2 2.93 27.76 30.69 OK
r-devel-linux-x86_64-fedora-clang 1.84-6.2 61.48 OK
r-devel-linux-x86_64-fedora-gcc 1.84-6.2 57.93 OK
r-devel-windows-x86_64 1.84-6.2 28.00 75.00 103.00 OK
r-patched-linux-x86_64 1.84-6.2 3.12 34.01 37.13 OK
r-release-linux-x86_64 1.84-6.2 3.74 34.37 38.11 OK
r-release-macos-arm64 1.84-6.2 21.00 NOTE
r-release-macos-x86_64 1.84-6.2 28.00 NOTE
r-release-windows-x86_64 1.84-6.2 4.00 68.00 72.00 OK
r-oldrel-macos-arm64 1.84-6.2 21.00 NOTE
r-oldrel-macos-x86_64 1.84-6.2 29.00 NOTE
r-oldrel-windows-ix86+x86_64 1.84-6.2 7.00 53.00 60.00 OK

Check Details

Version: 1.84-6.2
Check: package dependencies
Result: NOTE
    Package suggested but not available for checking: ‘Rmpi’
Flavors: r-release-macos-arm64, r-release-macos-x86_64, r-oldrel-macos-arm64, r-oldrel-macos-x86_64