CRAN Package Check Results for Package snipEM

Last updated on 2020-08-06 15:49:46 CEST.

Flavor Version Tinstall Tcheck Ttotal Status Flags
r-devel-linux-x86_64-debian-clang 1.0.1 33.01 62.55 95.56 OK
r-devel-linux-x86_64-debian-gcc 1.0.1 24.74 44.53 69.27 OK
r-devel-linux-x86_64-fedora-clang 1.0.1 136.54 NOTE
r-devel-linux-x86_64-fedora-gcc 1.0.1 121.05 NOTE
r-devel-windows-ix86+x86_64 1.0.1 99.00 131.00 230.00 OK
r-patched-linux-x86_64 1.0.1 28.40 63.73 92.13 OK
r-patched-solaris-x86 1.0.1 132.40 OK
r-release-linux-x86_64 1.0.1 26.57 64.66 91.23 OK
r-release-macos-x86_64 1.0.1 OK
r-release-windows-ix86+x86_64 1.0.1 97.00 158.00 255.00 OK
r-oldrel-macos-x86_64 1.0.1 OK
r-oldrel-windows-ix86+x86_64 1.0.1 61.00 139.00 200.00 OK

Check Details

Version: 1.0.1
Check: compiled code
Result: NOTE
    File ‘snipEM/libs/snipEM.so’:
     Found no calls to: ‘R_registerRoutines’, ‘R_useDynamicSymbols’
    
    It is good practice to register native routines and to disable symbol
    search.
    
    See ‘Writing portable packages’ in the ‘Writing R Extensions’ manual.
Flavors: r-devel-linux-x86_64-fedora-clang, r-devel-linux-x86_64-fedora-gcc