CRAN Package Check Results for Package smooth

Last updated on 2020-08-14 03:47:59 CEST.

Flavor Version Tinstall Tcheck Ttotal Status Flags
r-devel-linux-x86_64-debian-clang 2.6.0 172.91 577.76 750.67 OK
r-devel-linux-x86_64-debian-gcc 2.6.0 131.89 425.48 557.37 OK
r-devel-linux-x86_64-fedora-clang 2.6.0 926.73 NOTE
r-devel-linux-x86_64-fedora-gcc 2.6.0 923.93 OK
r-devel-windows-ix86+x86_64 2.6.0 376.00 625.00 1001.00 NOTE --no-vignettes
r-patched-linux-x86_64 2.6.0 142.28 546.74 689.02 OK
r-patched-solaris-x86 2.6.0 1021.90 NOTE
r-release-linux-x86_64 2.6.0 140.94 555.81 696.75 OK
r-release-macos-x86_64 2.6.0 NOTE
r-release-windows-ix86+x86_64 2.6.0 364.00 467.00 831.00 NOTE --no-vignettes
r-oldrel-macos-x86_64 2.6.0 NOTE
r-oldrel-windows-ix86+x86_64 2.6.0 245.00 573.00 818.00 NOTE --no-vignettes

Check Details

Version: 2.6.0
Check: installed package size
Result: NOTE
     installed size is 15.4Mb
     sub-directories of 1Mb or more:
     doc 2.5Mb
     libs 11.6Mb
Flavors: r-devel-linux-x86_64-fedora-clang, r-patched-solaris-x86, r-release-macos-x86_64, r-oldrel-macos-x86_64

Version: 2.6.0
Flags: --no-vignettes
Check: installed package size
Result: NOTE
     installed size is 6.8Mb
     sub-directories of 1Mb or more:
     doc 2.5Mb
     libs 3.1Mb
Flavors: r-devel-windows-ix86+x86_64, r-release-windows-ix86+x86_64, r-oldrel-windows-ix86+x86_64