CRAN Package Check Results for Package smoof

Last updated on 2020-07-10 15:48:04 CEST.

Flavor Version Tinstall Tcheck Ttotal Status Flags
r-devel-linux-x86_64-debian-clang 1.6.0.2 81.37 92.09 173.46 NOTE
r-devel-linux-x86_64-debian-gcc 1.6.0.2 62.14 67.16 129.30 NOTE
r-devel-linux-x86_64-fedora-clang 1.6.0.2 243.71 NOTE
r-devel-linux-x86_64-fedora-gcc 1.6.0.2 223.47 NOTE
r-devel-windows-ix86+x86_64 1.6.0.2 159.00 144.00 303.00 NOTE
r-patched-linux-x86_64 1.6.0.2 66.13 87.90 154.03 NOTE
r-patched-solaris-x86 1.6.0.2 225.40 NOTE
r-release-linux-x86_64 1.6.0.2 65.06 90.39 155.45 NOTE
r-release-osx-x86_64 1.6.0.2 OK
r-release-windows-ix86+x86_64 1.6.0.2 161.00 140.00 301.00 NOTE
r-oldrel-osx-x86_64 1.6.0.2 OK
r-oldrel-windows-ix86+x86_64 1.6.0.2 180.00 133.00 313.00 NOTE

Check Details

Version: 1.6.0.2
Check: package dependencies
Result: NOTE
    Package suggested but not available for checking: 'rPython'
Flavors: r-devel-linux-x86_64-debian-clang, r-devel-linux-x86_64-debian-gcc, r-devel-linux-x86_64-fedora-clang, r-devel-linux-x86_64-fedora-gcc, r-devel-windows-ix86+x86_64, r-patched-linux-x86_64, r-patched-solaris-x86, r-release-linux-x86_64, r-release-windows-ix86+x86_64, r-oldrel-windows-ix86+x86_64