CRAN Package Check Results for Package smoof

Last updated on 2024-06-13 16:49:26 CEST.

Flavor Version Tinstall Tcheck Ttotal Status Flags
r-devel-linux-x86_64-debian-clang 1.6.0.3 116.08 116.13 232.21 NOTE
r-devel-linux-x86_64-debian-gcc 1.6.0.3 0.73 1.59 2.32 ERROR
r-devel-linux-x86_64-fedora-clang 1.6.0.3 315.77 NOTE
r-devel-linux-x86_64-fedora-gcc 1.6.0.3 312.66 NOTE
r-devel-windows-x86_64 1.6.0.3 92.00 137.00 229.00 NOTE
r-patched-linux-x86_64 1.6.0.3 92.57 110.75 203.32 NOTE
r-release-linux-x86_64 1.6.0.3 90.53 110.39 200.92 NOTE
r-release-macos-arm64 1.6.0.3 66.00 NOTE
r-release-macos-x86_64 1.6.0.3 94.00 NOTE
r-release-windows-x86_64 1.6.0.3 93.00 138.00 231.00 NOTE
r-oldrel-macos-arm64 1.6.0.3 74.00 OK
r-oldrel-macos-x86_64 1.6.0.3 126.00 OK
r-oldrel-windows-x86_64 1.6.0.3 110.00 162.00 272.00 OK

Check Details

Version: 1.6.0.3
Check: Rd files
Result: NOTE checkRd: (-1) getGlobalOptimum.Rd:16: Lost braces in \itemize; \value handles \item{}{} directly checkRd: (-1) getGlobalOptimum.Rd:17: Lost braces in \itemize; \value handles \item{}{} directly checkRd: (-1) getGlobalOptimum.Rd:18: Lost braces in \itemize; \value handles \item{}{} directly checkRd: (-1) getLocalOptimum.Rd:16: Lost braces in \itemize; \value handles \item{}{} directly checkRd: (-1) getLocalOptimum.Rd:17: Lost braces in \itemize; \value handles \item{}{} directly checkRd: (-1) getLocalOptimum.Rd:18: Lost braces in \itemize; \value handles \item{}{} directly checkRd: (-1) smoof_function.Rd:10: Lost braces 10 | or code{smoof_multi_objective_function}. Both single- and multi-objective functions share the following attributes. | ^ Flavors: r-devel-linux-x86_64-debian-clang, r-devel-linux-x86_64-fedora-clang, r-devel-linux-x86_64-fedora-gcc, r-devel-windows-x86_64, r-patched-linux-x86_64, r-release-linux-x86_64, r-release-macos-arm64, r-release-macos-x86_64, r-release-windows-x86_64

Version: 1.6.0.3
Check: package dependencies
Result: ERROR Package required but not available: ‘ggplot2’ Packages suggested but not available for checking: 'testthat', 'plotly' See section ‘The DESCRIPTION file’ in the ‘Writing R Extensions’ manual. Flavor: r-devel-linux-x86_64-debian-gcc