CRAN Package Check Results for Package smartR

Last updated on 2020-08-08 03:50:54 CEST.

Flavor Version Tinstall Tcheck Ttotal Status Flags
r-devel-linux-x86_64-debian-clang 0.62.3 45.76 290.09 335.85 OK
r-devel-linux-x86_64-debian-gcc 0.62.3 39.94 212.86 252.80 OK
r-devel-linux-x86_64-fedora-clang 0.62.3 420.56 NOTE
r-devel-linux-x86_64-fedora-gcc 0.62.3 403.37 OK
r-devel-windows-ix86+x86_64 0.62.3 84.00 384.00 468.00 NOTE
r-patched-linux-x86_64 0.62.3 46.18 278.27 324.45 OK
r-patched-solaris-x86 0.62.3 635.30 NOTE
r-release-linux-x86_64 0.62.3 48.17 285.33 333.50 OK
r-release-macos-x86_64 0.62.3 NOTE
r-release-windows-ix86+x86_64 0.62.3 117.00 457.00 574.00 NOTE
r-oldrel-macos-x86_64 0.62.3 ERROR
r-oldrel-windows-ix86+x86_64 0.62.3 72.00 256.00 328.00 NOTE

Check Details

Version: 0.62.3
Check: package dependencies
Result: NOTE
    Imports includes 35 non-default packages.
    Importing from so many packages makes the package vulnerable to any of
    them becoming unavailable. Move as many as possible to Suggests and
    use conditionally.
Flavor: r-devel-linux-x86_64-fedora-clang

Version: 0.62.3
Check: installed package size
Result: NOTE
     installed size is 5.4Mb
     sub-directories of 1Mb or more:
     doc 2.6Mb
     extdata 1.3Mb
Flavors: r-devel-linux-x86_64-fedora-clang, r-devel-windows-ix86+x86_64, r-patched-solaris-x86, r-release-macos-x86_64, r-release-windows-ix86+x86_64, r-oldrel-windows-ix86+x86_64

Version: 0.62.3
Check: package dependencies
Result: ERROR
    Package required but not available: ‘gWidgets2RGtk2’
    
    See section ‘The DESCRIPTION file’ in the ‘Writing R Extensions’
    manual.
Flavor: r-oldrel-macos-x86_64