CRAN Package Check Results for Package smacof

Last updated on 2024-03-01 04:51:56 CET.

Flavor Version Tinstall Tcheck Ttotal Status Flags
r-devel-linux-x86_64-debian-clang 2.1-5 25.57 376.44 402.01 NOTE
r-devel-linux-x86_64-debian-gcc 2.1-5 21.78 275.93 297.71 NOTE
r-devel-linux-x86_64-fedora-clang 2.1-5 500.75 NOTE
r-devel-linux-x86_64-fedora-gcc 2.1-5 483.11 NOTE
r-devel-windows-x86_64 2.1-5 27.00 297.00 324.00 OK
r-patched-linux-x86_64 2.1-5 35.00 376.47 411.47 OK
r-release-linux-x86_64 2.1-5 22.12 366.42 388.54 OK
r-release-macos-arm64 2.1-5 146.00 OK
r-release-macos-x86_64 2.1-5 217.00 OK
r-release-windows-x86_64 2.1-5 36.00 373.00 409.00 OK
r-oldrel-macos-arm64 2.1-5 88.00 NOTE
r-oldrel-windows-x86_64 2.1-5 34.00 387.00 421.00 OK

Check Details

Version: 2.1-5
Check: Rd files
Result: NOTE checkRd: (-1) morsescales.Rd:13: Lost braces in \itemize; meant \describe ? checkRd: (-1) morsescales.Rd:14: Lost braces in \itemize; meant \describe ? checkRd: (-1) morsescales.Rd:15: Lost braces in \itemize; meant \describe ? checkRd: (-1) morsescales.Rd:16: Lost braces in \itemize; meant \describe ? checkRd: (-1) morsescales.Rd:17: Lost braces in \itemize; meant \describe ? Flavors: r-devel-linux-x86_64-debian-clang, r-devel-linux-x86_64-debian-gcc, r-devel-linux-x86_64-fedora-clang, r-devel-linux-x86_64-fedora-gcc

Version: 2.1-5
Check: data for non-ASCII characters
Result: NOTE Note: found 15 marked Latin-1 strings Note: found 2 marked UTF-8 strings Flavors: r-devel-linux-x86_64-fedora-clang, r-devel-linux-x86_64-fedora-gcc, r-oldrel-macos-arm64