CRAN Package Check Results for Package smacof

Last updated on 2020-08-14 03:47:59 CEST.

Flavor Version Tinstall Tcheck Ttotal Status Flags
r-devel-linux-x86_64-debian-clang 2.1-1 0.82 2.87 3.69 ERROR
r-devel-linux-x86_64-debian-gcc 2.1-1 17.73 236.44 254.17 OK
r-devel-linux-x86_64-fedora-clang 2.1-1 417.44 NOTE
r-devel-linux-x86_64-fedora-gcc 2.1-1 402.97 NOTE
r-devel-windows-ix86+x86_64 2.1-1 68.00 541.00 609.00 OK
r-patched-linux-x86_64 2.1-1 17.38 315.78 333.16 OK
r-patched-solaris-x86 2.1-1 547.70 NOTE
r-release-linux-x86_64 2.1-1 21.16 311.57 332.73 OK
r-release-macos-x86_64 2.1-1 NOTE
r-release-windows-ix86+x86_64 2.1-1 72.00 517.00 589.00 OK
r-oldrel-macos-x86_64 2.1-1 NOTE
r-oldrel-windows-ix86+x86_64 2.1-1 43.00 381.00 424.00 OK

Check Details

Version: 2.1-1
Check: package dependencies
Result: ERROR
    Package required but not available: 'weights'
    
    See section 'The DESCRIPTION file' in the 'Writing R Extensions'
    manual.
Flavor: r-devel-linux-x86_64-debian-clang

Version: 2.1-1
Check: data for non-ASCII characters
Result: NOTE
     Note: found 15 marked Latin-1 strings
     Note: found 2 marked UTF-8 strings
Flavors: r-devel-linux-x86_64-fedora-clang, r-devel-linux-x86_64-fedora-gcc, r-patched-solaris-x86, r-release-macos-x86_64, r-oldrel-macos-x86_64