CRAN Package Check Results for Package slimrec

Last updated on 2023-12-02 16:49:29 CET.

Flavor Version Tinstall Tcheck Ttotal Status Flags
r-devel-linux-x86_64-debian-clang 0.1.0 6.14 78.17 84.31 NOTE
r-devel-linux-x86_64-debian-gcc 0.1.0 7.11 60.36 67.47 NOTE
r-devel-linux-x86_64-fedora-clang 0.1.0 112.84 NOTE
r-devel-linux-x86_64-fedora-gcc 0.1.0 105.74 NOTE
r-devel-windows-x86_64 0.1.0 8.00 80.00 88.00 NOTE
r-patched-linux-x86_64 0.1.0 8.95 80.22 89.17 NOTE
r-release-linux-x86_64 0.1.0 9.51 78.20 87.71 NOTE
r-release-macos-arm64 0.1.0 37.00 NOTE
r-release-macos-x86_64 0.1.0 59.00 NOTE
r-release-windows-x86_64 0.1.0 10.00 91.00 101.00 NOTE
r-oldrel-macos-arm64 0.1.0 35.00 OK
r-oldrel-macos-x86_64 0.1.0 48.00 OK
r-oldrel-windows-x86_64 0.1.0 10.00 96.00 106.00 OK

Check Details

Version: 0.1.0
Check: package subdirectories
Result: NOTE Problems with news in ‘NEWS.md’: No news entries found. Flavors: r-devel-linux-x86_64-debian-clang, r-devel-linux-x86_64-debian-gcc, r-devel-linux-x86_64-fedora-clang, r-devel-linux-x86_64-fedora-gcc, r-devel-windows-x86_64, r-patched-linux-x86_64, r-release-linux-x86_64, r-release-macos-arm64, r-release-macos-x86_64, r-release-windows-x86_64