CRAN Package Check Results for Package slickR

Last updated on 2020-08-10 06:47:42 CEST.

Flavor Version Tinstall Tcheck Ttotal Status Flags
r-devel-linux-x86_64-debian-clang 0.4.9 3.31 49.64 52.95 OK
r-devel-linux-x86_64-debian-gcc 0.4.9 2.69 39.13 41.82 OK
r-devel-linux-x86_64-fedora-clang 0.4.9 72.35 NOTE
r-devel-linux-x86_64-fedora-gcc 0.4.9 64.24 OK
r-devel-windows-ix86+x86_64 0.4.9 12.00 98.00 110.00 OK
r-patched-linux-x86_64 0.4.9 3.30 49.51 52.81 OK
r-patched-solaris-x86 0.4.9 84.90 WARN
r-release-linux-x86_64 0.4.9 3.21 49.69 52.90 OK
r-release-macos-x86_64 0.4.9 ERROR
r-release-windows-ix86+x86_64 0.4.9 12.00 90.00 102.00 OK
r-oldrel-macos-x86_64 0.4.9 ERROR
r-oldrel-windows-ix86+x86_64 0.4.9 7.00 67.00 74.00 OK

Check Details

Version: 0.4.9
Check: Rd cross-references
Result: NOTE
    Undeclared package ‘shiny’ in Rd xrefs
Flavor: r-devel-linux-x86_64-fedora-clang

Version: 0.4.9
Check: re-building of vignette outputs
Result: WARN
    Error(s) in re-building vignettes:
     ...
    --- re-building ‘basics.Rmd’ using rmarkdown
    Warning in engine$weave(file, quiet = quiet, encoding = enc) :
     Pandoc (>= 1.12.3) and/or pandoc-citeproc not available. Falling back to R Markdown v1.
    Quitting from lines 29-32 (basics.Rmd)
    Error: processing vignette 'basics.Rmd' failed with diagnostics:
    there is no package called 'webshot'
    --- failed re-building ‘basics.Rmd’
    
    --- re-building ‘doms.Rmd’ using rmarkdown
    Warning in engine$weave(file, quiet = quiet, encoding = enc) :
     Pandoc (>= 1.12.3) and/or pandoc-citeproc not available. Falling back to R Markdown v1.
    Quitting from lines 34-35 (doms.Rmd)
    Error: processing vignette 'doms.Rmd' failed with diagnostics:
    there is no package called 'webshot'
    --- failed re-building ‘doms.Rmd’
    
    --- re-building ‘iframes.Rmd’ using rmarkdown
    Warning in engine$weave(file, quiet = quiet, encoding = enc) :
     Pandoc (>= 1.12.3) and/or pandoc-citeproc not available. Falling back to R Markdown v1.
    Quitting from lines 75-83 (iframes.Rmd)
    Error: processing vignette 'iframes.Rmd' failed with diagnostics:
    there is no package called 'webshot'
    --- failed re-building ‘iframes.Rmd’
    
    --- re-building ‘pdfs.Rmd’ using rmarkdown
    Warning in engine$weave(file, quiet = quiet, encoding = enc) :
     Pandoc (>= 1.12.3) and/or pandoc-citeproc not available. Falling back to R Markdown v1.
    Quitting from lines 39-40 (pdfs.Rmd)
    Error: processing vignette 'pdfs.Rmd' failed with diagnostics:
    there is no package called 'webshot'
    --- failed re-building ‘pdfs.Rmd’
    
    --- re-building ‘plots.Rmd’ using rmarkdown
    Warning in engine$weave(file, quiet = quiet, encoding = enc) :
     Pandoc (>= 1.12.3) and/or pandoc-citeproc not available. Falling back to R Markdown v1.
    Quitting from lines 79-80 (plots.Rmd)
    Error: processing vignette 'plots.Rmd' failed with diagnostics:
    there is no package called 'webshot'
    --- failed re-building ‘plots.Rmd’
    
    --- re-building ‘shiny.Rmd’ using rmarkdown
    Warning in engine$weave(file, quiet = quiet, encoding = enc) :
     Pandoc (>= 1.12.3) and/or pandoc-citeproc not available. Falling back to R Markdown v1.
    --- finished re-building ‘shiny.Rmd’
    
    --- re-building ‘tests_and_coverage.Rmd’ using rmarkdown
    Warning in engine$weave(file, quiet = quiet, encoding = enc) :
     Pandoc (>= 1.12.3) and/or pandoc-citeproc not available. Falling back to R Markdown v1.
    --- finished re-building ‘tests_and_coverage.Rmd’
    
    SUMMARY: processing the following files failed:
     ‘basics.Rmd’ ‘doms.Rmd’ ‘iframes.Rmd’ ‘pdfs.Rmd’ ‘plots.Rmd’
    
    Error: Vignette re-building failed.
    Execution halted
Flavor: r-patched-solaris-x86

Version: 0.4.9
Check: tests
Result: ERROR
     Running ‘testthat.R’ [1s/2s]
    Running the tests in ‘tests/testthat.R’ failed.
    Last 13 lines of output:
     > test_check("slickR")
     ── 1. Error: slick div method: widget (@test-div_method.R#44) ─────────────────
     Saving a widget with selfcontained = TRUE requires pandoc. For details see:
     https://github.com/rstudio/rmarkdown/blob/master/PANDOC.md
     Backtrace:
     1. testthat::expect_equal(...)
     5. slickR:::slick_div.htmlwidget(readRDS("../assets/widget1.Rds"))
     6. htmlwidgets::saveWidget(x, file = tf)
    
     ══ testthat results ═══════════════════════════════════════════════════════════
     [ OK: 27 | SKIPPED: 0 | WARNINGS: 0 | FAILED: 1 ]
     1. Error: slick div method: widget (@test-div_method.R#44)
    
     Error: testthat unit tests failed
     Execution halted
Flavor: r-release-macos-x86_64

Version: 0.4.9
Check: re-building of vignette outputs
Result: WARN
    Error(s) in re-building vignettes:
    --- re-building ‘basics.Rmd’ using rmarkdown
    Warning in engine$weave(file, quiet = quiet, encoding = enc) :
     Pandoc (>= 1.12.3) and/or pandoc-citeproc not available. Falling back to R Markdown v1.
    Quitting from lines 29-32 (basics.Rmd)
    Error: processing vignette 'basics.Rmd' failed with diagnostics:
    cannot open the connection
    --- failed re-building ‘basics.Rmd’
    
    --- re-building ‘doms.Rmd’ using rmarkdown
    Warning in engine$weave(file, quiet = quiet, encoding = enc) :
     Pandoc (>= 1.12.3) and/or pandoc-citeproc not available. Falling back to R Markdown v1.
    Quitting from lines 34-35 (doms.Rmd)
    Error: processing vignette 'doms.Rmd' failed with diagnostics:
    cannot open the connection
    --- failed re-building ‘doms.Rmd’
    
    --- re-building ‘iframes.Rmd’ using rmarkdown
    Warning in engine$weave(file, quiet = quiet, encoding = enc) :
     Pandoc (>= 1.12.3) and/or pandoc-citeproc not available. Falling back to R Markdown v1.
    Quitting from lines 75-83 (iframes.Rmd)
    Error: processing vignette 'iframes.Rmd' failed with diagnostics:
    cannot open the connection
    --- failed re-building ‘iframes.Rmd’
    
    --- re-building ‘pdfs.Rmd’ using rmarkdown
    Warning in engine$weave(file, quiet = quiet, encoding = enc) :
     Pandoc (>= 1.12.3) and/or pandoc-citeproc not available. Falling back to R Markdown v1.
    Quitting from lines 39-40 (pdfs.Rmd)
    Error: processing vignette 'pdfs.Rmd' failed with diagnostics:
    cannot open the connection
    --- failed re-building ‘pdfs.Rmd’
    
    --- re-building ‘plots.Rmd’ using rmarkdown
    Warning in engine$weave(file, quiet = quiet, encoding = enc) :
     Pandoc (>= 1.12.3) and/or pandoc-citeproc not available. Falling back to R Markdown v1.
    Quitting from lines 79-80 (plots.Rmd)
    Error: processing vignette 'plots.Rmd' failed with diagnostics:
    cannot open the connection
    --- failed re-building ‘plots.Rmd’
    
    --- re-building ‘shiny.Rmd’ using rmarkdown
    Warning in engine$weave(file, quiet = quiet, encoding = enc) :
     Pandoc (>= 1.12.3) and/or pandoc-citeproc not available. Falling back to R Markdown v1.
    --- finished re-building ‘shiny.Rmd’
    
    --- re-building ‘tests_and_coverage.Rmd’ using rmarkdown
    Warning in engine$weave(file, quiet = quiet, encoding = enc) :
     Pandoc (>= 1.12.3) and/or pandoc-citeproc not available. Falling back to R Markdown v1.
    --- finished re-building ‘tests_and_coverage.Rmd’
    
    SUMMARY: processing the following files failed:
     ‘basics.Rmd’ ‘doms.Rmd’ ‘iframes.Rmd’ ‘pdfs.Rmd’ ‘plots.Rmd’
    
    Error: Vignette re-building failed.
    Execution halted
Flavors: r-release-macos-x86_64, r-oldrel-macos-x86_64

Version: 0.4.9
Check: tests
Result: ERROR
     Running ‘testthat.R’ [2s/2s]
    Running the tests in ‘tests/testthat.R’ failed.
    Last 13 lines of output:
     > test_check("slickR")
     ── 1. Error: slick div method: widget (@test-div_method.R#44) ─────────────────
     Saving a widget with selfcontained = TRUE requires pandoc. For details see:
     https://github.com/rstudio/rmarkdown/blob/master/PANDOC.md
     Backtrace:
     1. testthat::expect_equal(...)
     5. slickR:::slick_div.htmlwidget(readRDS("../assets/widget1.Rds"))
     6. htmlwidgets::saveWidget(x, file = tf)
    
     ══ testthat results ═══════════════════════════════════════════════════════════
     [ OK: 27 | SKIPPED: 0 | WARNINGS: 0 | FAILED: 1 ]
     1. Error: slick div method: widget (@test-div_method.R#44)
    
     Error: testthat unit tests failed
     Execution halted
Flavor: r-oldrel-macos-x86_64